{"id":23,"date":"2020-02-17T14:36:58","date_gmt":"2020-02-17T13:36:58","guid":{"rendered":"https:\/\/www.07000.no\/asker\/?page_id=23"},"modified":"2022-08-09T21:27:55","modified_gmt":"2022-08-09T19:27:55","slug":"kundeservice","status":"publish","type":"page","link":"https:\/\/www.07000.no\/asker\/kundeservice\/","title":{"rendered":"Kundeservice"},"content":{"rendered":"<div class=\"wp-block-image\">\n<figure class=\"alignleft size-full is-resized\"><img loading=\"lazy\" decoding=\"async\" src=\"https:\/\/www.07000.no\/asker\/wp-content\/uploads\/sites\/14\/2021\/11\/KS-operator.jpeg\" alt=\"\" class=\"wp-image-341\" width=\"375\" height=\"250\" \/><\/figure>\n<\/div>\n\n\n<p>Har du behov for taxi, kan du trygt ta i bruk v\u00e5re tjenester!&nbsp;Vi er p\u00e5 veien hele d\u00f8gnet &#8211; hele \u00e5ret, og du n\u00e5r oss via telefon 07000 (0 28 50) eller en av v\u00e5re automatiske bestillingsl\u00f8sninger. <\/p>\n\n\n\n<p>Vi i 07000 Asker Taxi har mange biler i oml\u00f8p, alt for \u00e5 transportere deg raskt, enkelt og komfortabelt. Med \u00e5rene har v\u00e5r filosofi om ivareta v\u00e5re kunder best mulig, medf\u00f8rt at vi har spisskompetanse p\u00e5 mange spesiaIbehov for drosje.&nbsp;<strong><a href=\"https:\/\/www.07000.no\/asker\/bestill-taxi\/\">Klikk her<\/a><\/strong>&nbsp;for \u00e5 bestille taxi.<\/p>\n\n\n\n<p>Vi er spesialister p\u00e5:<\/p>\n\n\n\n<ul class=\"wp-block-list\"><li><a href=\"https:\/\/www.07000.no\/asker\/tjenester\/bedriftskunde\/\">Bedriftskunder<\/a><\/li><li><a href=\"https:\/\/www.07000.no\/asker\/tjenester\/pasienttransport\/\">Helsetransport<\/a><\/li><li>Festivaltransport<\/li><li>Transport til barne og ungdomsevent<\/li><li><a href=\"https:\/\/www.07000.no\/asker\/tjenester\/skoleskyss\/\">Skoletransport<\/a><\/li><li><a href=\"https:\/\/www.07000.no\/asker\/tjenester\/budbil\/\">Pakke og budservice<\/a><\/li><\/ul>\n\n\n\n<h3 class=\"wp-block-heading\">Drosje tilpasset ditt behov<\/h3>\n\n\n\n<p>Vi har totalt 30 biler i forskjellige kategorier. V\u00e5rt m\u00e5l er \u00e5 kunne tilby transport til alle typer kunder for ulike form\u00e5l. Om ditt behov ikke er beskrevet i menyen, ta kontakt s\u00e5 fors\u00f8ker vi \u00e5 finne en l\u00f8sning for deg. Vi er fleksible og s\u00f8ker alltid \u00e5 finne en l\u00f8sning for v\u00e5re kunder.&nbsp;<\/p>\n\n\n\n<h3 class=\"wp-block-heading\">Maxi taxi<\/h3>\n\n\n\n<p>Vi har 4 maxitaxier, disse tar 16 passasjerer. Vi anbefaler at du bestiller p\u00e5 forh\u00e5nd n\u00e5r du har behov for maxitaxi. Dersom dere er mange, (9-16 personer) som har behov for effektiv og punktlig transport anbefaler vi maxitaxi. Dette er erfaringsmessig langt mer effektivt enn eksempelvis kollektivtransport. I tillegg blir det ikke s\u00e5 dyrt n\u00e5r dere er flere. Vi i har en bred kundegruppe og kj\u00f8rer alt fra kunder til og fra jobb, festival transport, pakke og budservice, barn og ungdom til og fra aktivitets tilbud, skole-elever, pasienter med mer.\u00a0V\u00e5re sj\u00e5f\u00f8rer har gode lokalkunnskaper, utvidet kurs\/oppl\u00e6ring for maxitaxi, og har lang erfaring som yrkessj\u00e5f\u00f8rer.\u00a0Du er hjertelig velkommen \u00e5 ta kontakt med oss p\u00e5 telefon 07000, eller benytt v\u00e5r online booking for bestilling av maxitaxi.<\/p>\n\n\n\n<h3 class=\"wp-block-heading\">Midi-taxi<\/h3>\n\n\n\n<p>Midi er taxier med plass til fem til \u00e5tte passasjerer. Vi har 15 biler i den kategorien.<\/p>\n\n\n\n<h3 class=\"wp-block-heading\">Rullestoltaxi<\/h3>\n\n\n\n<p>Vi har syv taxier som frakter individer som sitter i rullestol. Alle v\u00e5re biler kj\u00f8rer passasjerer med sammenleggbar rullestol.<\/p>\n\n\n\n<h3 class=\"wp-block-heading\">Omr\u00e5der vi betjener<\/h3>\n\n\n\n<p>Vi er tilgjengelig for deg som holder til i\u00a0Asker, Lier, Drammen og &laquo;gamle&raquo; <a href=\"https:\/\/www.google.no\/maps\/place\/3440+R%C3%B8yken\/@59.7467044,10.3796919,15z\/data=!3m1!4b1!4m13!1m7!3m6!1s0x4641183ba6198c2d:0x73f7974c57e01002!2sLier!3b1!8m2!3d59.8842148!4d10.2227981!3m4!1s0x46413ffa40078e61:0x968a3926cc645280!8m2!3d59.7467099!4d10.3880882\">R\u00f8yken<\/a>\u00a0og Hurum. \u00a0Ta kontakt med oss dersom du har sp\u00f8rsm\u00e5l vedr\u00f8rende v\u00e5rt taxitilbud!<\/p>\n","protected":false},"excerpt":{"rendered":"<p>Har du behov for taxi, kan du trygt ta i bruk v\u00e5re tjenester!&nbsp;Vi er p\u00e5 veien hele d\u00f8gnet &#8211; hele \u00e5ret, og du n\u00e5r oss via telefon 07000 (0 28 50) eller en av v\u00e5re automatiske bestillingsl\u00f8sninger. Vi i 07000 Asker Taxi har mange biler i oml\u00f8p, alt for \u00e5 transportere deg raskt, enkelt og&#8230; <a class=\"readmore\" href=\"https:\/\/www.07000.no\/asker\/kundeservice\/\"><i>Les mer<\/i><\/a><\/p>\n","protected":false},"author":3,"featured_media":0,"parent":0,"menu_order":0,"comment_status":"closed","ping_status":"closed","template":"","meta":{"_acf_changed":false,"footnotes":""},"class_list":["post-23","page","type-page","status-publish","hentry"],"acf":[],"yoast_head":"<!-- This site is optimized with the Yoast SEO plugin v27.5 - https:\/\/yoast.com\/product\/yoast-seo-wordpress\/ -->\n<title>Kundeservice - Asker Taxi<\/title>\n<meta name=\"robots\" content=\"index, follow, max-snippet:-1, max-image-preview:large, max-video-preview:-1\" \/>\n<link rel=\"canonical\" href=\"https:\/\/www.07000.no\/asker\/kundeservice\/\" \/>\n<meta property=\"og:locale\" content=\"nb_NO\" \/>\n<meta property=\"og:type\" content=\"article\" \/>\n<meta property=\"og:title\" content=\"Kundeservice - Asker Taxi\" \/>\n<meta property=\"og:description\" content=\"Har du behov for taxi, kan du trygt ta i bruk v\u00e5re tjenester!&nbsp;Vi er p\u00e5 veien hele d\u00f8gnet &#8211; hele \u00e5ret, og du n\u00e5r oss via telefon 07000 (0 28 50) eller en av v\u00e5re automatiske bestillingsl\u00f8sninger. Vi i 07000 Asker Taxi har mange biler i oml\u00f8p, alt for \u00e5 transportere deg raskt, enkelt og... Les mer\" \/>\n<meta property=\"og:url\" content=\"https:\/\/www.07000.no\/asker\/kundeservice\/\" \/>\n<meta property=\"og:site_name\" content=\"Asker Taxi\" \/>\n<meta property=\"article:modified_time\" content=\"2022-08-09T19:27:55+00:00\" \/>\n<meta property=\"og:image\" content=\"https:\/\/www.07000.no\/asker\/wp-content\/uploads\/sites\/14\/2021\/11\/KS-operator.jpeg\" \/>\n<meta name=\"twitter:card\" content=\"summary_large_image\" \/>\n<meta name=\"twitter:label1\" content=\"Ansl. lesetid\" \/>\n\t<meta name=\"twitter:data1\" content=\"3 minutter\" \/>\n<script type=\"application\/ld+json\" class=\"yoast-schema-graph\">{\"@context\":\"https:\\\/\\\/schema.org\",\"@graph\":[{\"@type\":\"WebPage\",\"@id\":\"https:\\\/\\\/www.07000.no\\\/asker\\\/kundeservice\\\/\",\"url\":\"https:\\\/\\\/www.07000.no\\\/asker\\\/kundeservice\\\/\",\"name\":\"Kundeservice - Asker Taxi\",\"isPartOf\":{\"@id\":\"https:\\\/\\\/www.07000.no\\\/asker\\\/#website\"},\"primaryImageOfPage\":{\"@id\":\"https:\\\/\\\/www.07000.no\\\/asker\\\/kundeservice\\\/#primaryimage\"},\"image\":{\"@id\":\"https:\\\/\\\/www.07000.no\\\/asker\\\/kundeservice\\\/#primaryimage\"},\"thumbnailUrl\":\"https:\\\/\\\/www.07000.no\\\/asker\\\/wp-content\\\/uploads\\\/sites\\\/14\\\/2021\\\/11\\\/KS-operator.jpeg\",\"datePublished\":\"2020-02-17T13:36:58+00:00\",\"dateModified\":\"2022-08-09T19:27:55+00:00\",\"breadcrumb\":{\"@id\":\"https:\\\/\\\/www.07000.no\\\/asker\\\/kundeservice\\\/#breadcrumb\"},\"inLanguage\":\"nb-NO\",\"potentialAction\":[{\"@type\":\"ReadAction\",\"target\":[\"https:\\\/\\\/www.07000.no\\\/asker\\\/kundeservice\\\/\"]}]},{\"@type\":\"ImageObject\",\"inLanguage\":\"nb-NO\",\"@id\":\"https:\\\/\\\/www.07000.no\\\/asker\\\/kundeservice\\\/#primaryimage\",\"url\":\"https:\\\/\\\/www.07000.no\\\/asker\\\/wp-content\\\/uploads\\\/sites\\\/14\\\/2021\\\/11\\\/KS-operator.jpeg\",\"contentUrl\":\"https:\\\/\\\/www.07000.no\\\/asker\\\/wp-content\\\/uploads\\\/sites\\\/14\\\/2021\\\/11\\\/KS-operator.jpeg\",\"width\":275,\"height\":183},{\"@type\":\"BreadcrumbList\",\"@id\":\"https:\\\/\\\/www.07000.no\\\/asker\\\/kundeservice\\\/#breadcrumb\",\"itemListElement\":[{\"@type\":\"ListItem\",\"position\":1,\"name\":\"Hjem\",\"item\":\"https:\\\/\\\/www.07000.no\\\/asker\\\/\"},{\"@type\":\"ListItem\",\"position\":2,\"name\":\"Kundeservice\"}]},{\"@type\":\"WebSite\",\"@id\":\"https:\\\/\\\/www.07000.no\\\/asker\\\/#website\",\"url\":\"https:\\\/\\\/www.07000.no\\\/asker\\\/\",\"name\":\"Asker Taxi\",\"description\":\"Bestill taxi p\u00e5 nett eller i app!\",\"potentialAction\":[{\"@type\":\"SearchAction\",\"target\":{\"@type\":\"EntryPoint\",\"urlTemplate\":\"https:\\\/\\\/www.07000.no\\\/asker\\\/?s={search_term_string}\"},\"query-input\":{\"@type\":\"PropertyValueSpecification\",\"valueRequired\":true,\"valueName\":\"search_term_string\"}}],\"inLanguage\":\"nb-NO\"}]}<\/script>\n<!-- \/ Yoast SEO plugin. -->","yoast_head_json":{"title":"Kundeservice - Asker Taxi","robots":{"index":"index","follow":"follow","max-snippet":"max-snippet:-1","max-image-preview":"max-image-preview:large","max-video-preview":"max-video-preview:-1"},"canonical":"https:\/\/www.07000.no\/asker\/kundeservice\/","og_locale":"nb_NO","og_type":"article","og_title":"Kundeservice - Asker Taxi","og_description":"Har du behov for taxi, kan du trygt ta i bruk v\u00e5re tjenester!&nbsp;Vi er p\u00e5 veien hele d\u00f8gnet &#8211; hele \u00e5ret, og du n\u00e5r oss via telefon 07000 (0 28 50) eller en av v\u00e5re automatiske bestillingsl\u00f8sninger. Vi i 07000 Asker Taxi har mange biler i oml\u00f8p, alt for \u00e5 transportere deg raskt, enkelt og... Les mer","og_url":"https:\/\/www.07000.no\/asker\/kundeservice\/","og_site_name":"Asker Taxi","article_modified_time":"2022-08-09T19:27:55+00:00","og_image":[{"url":"https:\/\/www.07000.no\/asker\/wp-content\/uploads\/sites\/14\/2021\/11\/KS-operator.jpeg","type":"","width":"","height":""}],"twitter_card":"summary_large_image","twitter_misc":{"Ansl. lesetid":"3 minutter"},"schema":{"@context":"https:\/\/schema.org","@graph":[{"@type":"WebPage","@id":"https:\/\/www.07000.no\/asker\/kundeservice\/","url":"https:\/\/www.07000.no\/asker\/kundeservice\/","name":"Kundeservice - Asker Taxi","isPartOf":{"@id":"https:\/\/www.07000.no\/asker\/#website"},"primaryImageOfPage":{"@id":"https:\/\/www.07000.no\/asker\/kundeservice\/#primaryimage"},"image":{"@id":"https:\/\/www.07000.no\/asker\/kundeservice\/#primaryimage"},"thumbnailUrl":"https:\/\/www.07000.no\/asker\/wp-content\/uploads\/sites\/14\/2021\/11\/KS-operator.jpeg","datePublished":"2020-02-17T13:36:58+00:00","dateModified":"2022-08-09T19:27:55+00:00","breadcrumb":{"@id":"https:\/\/www.07000.no\/asker\/kundeservice\/#breadcrumb"},"inLanguage":"nb-NO","potentialAction":[{"@type":"ReadAction","target":["https:\/\/www.07000.no\/asker\/kundeservice\/"]}]},{"@type":"ImageObject","inLanguage":"nb-NO","@id":"https:\/\/www.07000.no\/asker\/kundeservice\/#primaryimage","url":"https:\/\/www.07000.no\/asker\/wp-content\/uploads\/sites\/14\/2021\/11\/KS-operator.jpeg","contentUrl":"https:\/\/www.07000.no\/asker\/wp-content\/uploads\/sites\/14\/2021\/11\/KS-operator.jpeg","width":275,"height":183},{"@type":"BreadcrumbList","@id":"https:\/\/www.07000.no\/asker\/kundeservice\/#breadcrumb","itemListElement":[{"@type":"ListItem","position":1,"name":"Hjem","item":"https:\/\/www.07000.no\/asker\/"},{"@type":"ListItem","position":2,"name":"Kundeservice"}]},{"@type":"WebSite","@id":"https:\/\/www.07000.no\/asker\/#website","url":"https:\/\/www.07000.no\/asker\/","name":"Asker Taxi","description":"Bestill taxi p\u00e5 nett eller i app!","potentialAction":[{"@type":"SearchAction","target":{"@type":"EntryPoint","urlTemplate":"https:\/\/www.07000.no\/asker\/?s={search_term_string}"},"query-input":{"@type":"PropertyValueSpecification","valueRequired":true,"valueName":"search_term_string"}}],"inLanguage":"nb-NO"}]}},"_links":{"self":[{"href":"https:\/\/www.07000.no\/asker\/wp-json\/wp\/v2\/pages\/23","targetHints":{"allow":["GET"]}}],"collection":[{"href":"https:\/\/www.07000.no\/asker\/wp-json\/wp\/v2\/pages"}],"about":[{"href":"https:\/\/www.07000.no\/asker\/wp-json\/wp\/v2\/types\/page"}],"author":[{"embeddable":true,"href":"https:\/\/www.07000.no\/asker\/wp-json\/wp\/v2\/users\/3"}],"replies":[{"embeddable":true,"href":"https:\/\/www.07000.no\/asker\/wp-json\/wp\/v2\/comments?post=23"}],"version-history":[{"count":13,"href":"https:\/\/www.07000.no\/asker\/wp-json\/wp\/v2\/pages\/23\/revisions"}],"predecessor-version":[{"id":616,"href":"https:\/\/www.07000.no\/asker\/wp-json\/wp\/v2\/pages\/23\/revisions\/616"}],"wp:attachment":[{"href":"https:\/\/www.07000.no\/asker\/wp-json\/wp\/v2\/media?parent=23"}],"curies":[{"name":"wp","href":"https:\/\/api.w.org\/{rel}","templated":true}]}}