{"id":34,"date":"2020-02-17T14:44:09","date_gmt":"2020-02-17T13:44:09","guid":{"rendered":"https:\/\/www.07000.no\/asker\/?page_id=34"},"modified":"2022-08-09T21:32:11","modified_gmt":"2022-08-09T19:32:11","slug":"transportvilkar","status":"publish","type":"page","link":"https:\/\/www.07000.no\/asker\/kundeservice\/transportvilkar\/","title":{"rendered":"Transportvilk\u00e5r"},"content":{"rendered":"\n<h2 class=\"wp-block-heading\"><br>\u00a7 1 Transportvilk\u00e5renes anvendelse<\/h2>\n\n\n\n<p>Transportvilk\u00e5rene er avtalevilk\u00e5r mellom den reisende og taxisj\u00e5f\u00f8ren som er tilsluttet taxisentralen Asker Taxi AS. Sj\u00e5f\u00f8ren skal b\u00e6re synlig ID-kort som er utstedt av Asker Taxi AS som sikrer den reisende p\u00e5 at sj\u00e5f\u00f8ren er godkjent med n\u00f8dvendig oppl\u00e6ring. P\u00e5 alle forhold som ikke er regulert her, kommer norsk lov til anvendelse.<\/p>\n\n\n\n<h2 class=\"wp-block-heading\"><br>\u00a7 2 Bestilling av taxi<\/h2>\n\n\n\n<p>Ved bestilling av taxi gjennom sentralen, skal bestiller gi relevante opplysninger som m\u00e5tte v\u00e6re n\u00f8dvendig for oppdragets utf\u00f8relse. Dersom det kreves s\u00e6rskilt utrustet kj\u00f8ret\u00f8y, utvidet setekapasitet eller s\u00e6rlig utstyr (spesialtransport), skal bestiller opplyse dette. APP eller internettbestilling gir ikke mulighet til s\u00e6rskilte kj\u00f8ret\u00f8y eller spesielle behov.<\/p>\n\n\n\n<p>Om bestillingen gjelder f. eks. flere enn fire passasjerer og det viser seg at det faktiske behov er redusert, regnes godtgj\u00f8relse og lignende i henhold til bestillingen.<\/p>\n\n\n\n<h2 class=\"wp-block-heading\">\u00a7 3 Bruk av holdeplass. Fortrinnsrett til taxi.<\/h2>\n\n\n\n<p>Ved k\u00f8 p\u00e5 holdeplass, skal taxisj\u00e5f\u00f8ren kj\u00f8re den reisende som st\u00e5r for tur. Syke, uf\u00f8re og personer med sm\u00e5barn har fortrinnsrett til taxi. For \u00f8vrig gjelder de av myndighetene fastsatte bestemmelser om fortrinnsrett til taxi. Reisende fra holdeplass er fortrinnsberettiget til ledig taxi. Publikum p\u00e5 holdeplass henvises til f\u00f8rste ledige taxi, men de har selv rett til \u00e5 velge taxi. Taxier som eventuelt st\u00e5r foran i k\u00f8en, m\u00e5 om n\u00f8dvendig flyttes for \u00e5 gi plass til utkj\u00f8ring.<\/p>\n\n\n\n<p>Ved p\u00e5stigning skal den reisende oppgi sitt reisem\u00e5l, om eventuell annen oppgj\u00f8rsform enn kontant betaling og eventuelle andre forhold av betydning for oppdragets utf\u00f8relse.<\/p>\n\n\n\n<h2 class=\"wp-block-heading\"><br>\u00a7 4 Praiing utenom holdeplass.<\/h2>\n\n\n\n<p>N\u00e5r taxi er ledig, skal sj\u00e5f\u00f8ren s\u00f8rge for at lediglampe er tent og synlig for publikum. Utenfor en avstand fra n\u00e6rmeste holdeplass, angitt i sentralens drosjereglement kan sj\u00e5f\u00f8ren plukke opp reisende som gir tydelige tegn. Stans og p\u00e5stigning kan skje innenfor rammen av gjeldende trafikkregler og uten hinder for \u00f8vrig trafikk.<\/p>\n\n\n\n<h2 class=\"wp-block-heading\"><br>\u00a7 5 Taxisj\u00e5f\u00f8rens rett til \u00e5 avvise turer<\/h2>\n\n\n\n<p>Sj\u00e5f\u00f8ren kan avvise ruset person, reisende som opptrer truende eller ikke kan betale for seg, personer som av andre \u00e5rsaker sj\u00e5f\u00f8ren finner saklig grunn til \u00e5 avvise.<\/p>\n\n\n\n<p>Den reisende har rett til \u00e5 medbringe f\u00f8rerhund. Uten sj\u00e5f\u00f8rens samtykke, kan ikke andre dyr kreves medtatt dersom dette ikke er oppgitt p\u00e5 forh\u00e5nd.<\/p>\n\n\n\n<p>Dersom person avvises, kan sj\u00e5f\u00f8ren kreve godtgj\u00f8relse i samsvar med taksameterets p\u00e5lydende.<\/p>\n\n\n\n<h2 class=\"wp-block-heading\">\u00a7 6 Oppdragets utf\u00f8relse<\/h2>\n\n\n\n<p>Sj\u00e5f\u00f8ren skal f\u00f8lge den kj\u00f8rerute som tar kortest tid til bestemmelsesstedet, hvis den reisende ikke bestemmer noe annet.<\/p>\n\n\n\n<p>Sj\u00e5f\u00f8ren plikter etter anmodning p\u00e5 samme turen \u00e5 kj\u00f8re passasjerer til forskjellige steder (kombinering av tur). Hvis ikke annet er avtalt, er sist avstigende passasjer ansvarlig for betaling av turen.<\/p>\n\n\n\n<p>Taxisj\u00e5f\u00f8ren plikter \u00e5 utf\u00f8re oppdrag p\u00e5 alle veier som normalt er \u00e5pne for alminnelig ferdsel og som kan utf\u00f8res uten skade for passasjerer, sj\u00e5f\u00f8ren eller motorvogn. Kj\u00f8ring av syke og skadde personer som trenger hurtig hjelp, plikter sj\u00e5f\u00f8r \u00e5 utf\u00f8re uten hensyn til bestemmelsene ovenfor. Slik transport skal s\u00f8kes gjennomf\u00f8rt selv om kj\u00f8reforholdene er vanskelige.<\/p>\n\n\n\n<p>Ansvar for p\u00e5budt bruk av bilbelte og eventuelt at barnesete er forsvarlig festet, f\u00f8lger veitrafikklovens bestemmelser.<\/p>\n\n\n\n<p>Person som trenger assistanse fra taxi til inngangsd\u00f8r eller lignende, kan anmode om bistand. Bistand sj\u00e5f\u00f8ren yter passasjeren, etter dennes \u00f8nske, til, fra eller utenfor transportmidlet skjer for passasjerens risiko.<\/p>\n\n\n\n<p>Under turen skal sj\u00e5f\u00f8ren og passasjer opptre slik at det ikke oppst\u00e5r fare for medtrafikanter, bagasje, bil og utstyr. R\u00f8yking, nyte alkohol eller andre rusmidler er forbudt. Dette gjelder s\u00e5 vel passasjerer som sj\u00e5f\u00f8r.<\/p>\n\n\n\n<p>Sj\u00e5f\u00f8rens bruk av mobiltelefon, dataterminal og lignende under oppdrag skal skje i henhold til sentralens reglement. Bilradio kan benyttes etter den reisendes samtykke.<\/p>\n\n\n\n<p>Sj\u00e5f\u00f8ren kan kreve forh\u00e5ndsbetaling for turen.<\/p>\n\n\n\n<h2 class=\"wp-block-heading\">\u00a7 7 Ventetid, avbrudd og forsinkelser<\/h2>\n\n\n\n<p>Ved henting av passasjer og under kj\u00f8ring plikter sj\u00e5f\u00f8ren \u00e5 vente i et tidsintervall som fremg\u00e5r av kj\u00f8rereglement, hvis ikke annet er avtalt. For spesielle kj\u00f8reoppdrag av typen legekj\u00f8ring, bryllup, barned\u00e5p og begravelse f\u00f8lger ventetid av oppdragets art.<\/p>\n\n\n\n<p>Ved forh\u00e5ndsbestilt taxi gjelder faktisk fremm\u00f8tetidspunkt etter kundens bestilling. Om den reisende ikke m\u00f8ter skal sj\u00e5f\u00f8ren s\u00f8ke kontakt p\u00e5 tlf. el.<\/p>\n\n\n\n<p>M\u00e5 en tur avbrytes p\u00e5 grunn av feil med kj\u00f8ret\u00f8yet, har sj\u00e5f\u00f8ren ikke krav p\u00e5 betaling for den utf\u00f8rte kj\u00f8ring, hvis han ikke innen rimelig tid kan skaffe annen taxi. Dersom ny taxi skaffes, kan sj\u00e5f\u00f8ren kreve betalt for det han har kj\u00f8rt, fratrukket den nye taxiens fremm\u00f8tepris. Hvis passasjeren ikke \u00f8nsker en annen taxi, har sj\u00e5f\u00f8ren krav p\u00e5 betaling for den kj\u00f8ring som er utf\u00f8rt.<\/p>\n\n\n\n<p>Ved avbrytelse av tur p\u00e5 grunn av v\u00e6r- og\/eller f\u00f8reforhold, har sj\u00e5f\u00f8ren krav p\u00e5 betaling for kj\u00f8rt lengde. Forsinkelser som skyldes trafikale og meteorologiske forhold, gir den reisende ingen rett til avkortning i samlet takst.<\/p>\n\n\n\n<h2 class=\"wp-block-heading\"><br>\u00a7 8 Betaling, veksling og kvittering<\/h2>\n\n\n\n<p>Taxisentralens takstregulativ benyttes som grunnlag for takstberegningen, med mindre annet er avtalt. Taxiturer skal skje mot kontant betaling. Ved bruk av kredittkort, rekvisisjon eller annen betalingsform skal det avtales med sj\u00e5f\u00f8ren f\u00f8r turens start. Dersom det gjennom skilting i taxien, sentralens annonsering eller lignende fremg\u00e5r at bestemte rekvisisjoner, betalings-\/kredittkort aksepteres, plikter sj\u00e5f\u00f8ren \u00e5 akseptere disse.<\/p>\n\n\n\n<p>Sj\u00e5f\u00f8ren plikter ikke \u00e5 veksle st\u00f8rre seddelbel\u00f8p enn NOK. 500,-. Kj\u00f8ring i forbindelse med veksling av st\u00f8rre bel\u00f8p, belastes passasjer. Sj\u00e5f\u00f8ren plikter p\u00e5 anmodning \u00e5 gi passasjer datert kvittering fra kvitteringsskrivende taksameter.<\/p>\n\n\n\n<h2 class=\"wp-block-heading\"><br>\u00a7 9 Sikkerhet for betaling<\/h2>\n\n\n\n<p>Sj\u00e5f\u00f8ren skal snarest og innen 24 &#8211; tjuefire &#8211; timer underrette taxisentralen om gjenstander mottatt som sikkerhet for betaling. Offentlige dokumenter som f. eks. pass og f\u00f8rerkort, aksepteres ikke som panteobjekt. Sj\u00e5f\u00f8ren plikter \u00e5 gi passasjeren kvittering p\u00e5 for mottatt pant.<\/p>\n\n\n\n<p>Pantekvittering skal v\u00e6re p\u00e5f\u00f8rt kj\u00f8rerute, kj\u00f8rebel\u00f8p, gebyr, tid og sted for tilbakelevering av pantet.<\/p>\n\n\n\n<h2 class=\"wp-block-heading\">\u00a7 10 Bagasje og lignende<\/h2>\n\n\n\n<p>Sj\u00e5f\u00f8ren skal hjelpe til med \u00e5 anbringe bagasje og annet i taxien. Sj\u00e5f\u00f8ren kan avvise bagasje og annet som etter sitt omfang eller utforming ikke er egnet til \u00e5 bli transportert i taxien.<\/p>\n\n\n\n<p>Dersom den reisende \u00f8nsker \u00e5 medbringe bagasje utover det som normalt kan p\u00e5regnes medtatt i ordin\u00e6r taxi, skal det opplyses til sentralen ved bestilling. Hvis mulig kan da sentralen formidle oppdraget til taxi tilpasset oppdragets art.<\/p>\n\n\n\n<h2 class=\"wp-block-heading\"><br>\u00a7 11 Hittegods<\/h2>\n\n\n\n<p>Sj\u00e5f\u00f8ren skal etter hver tur straks unders\u00f8ke om noe er gjenglemt i taxien, slik at glemte saker kan bli levert tilbake til rette vedkommende med det samme. Er dette ikke mulig, skal sj\u00e5f\u00f8ren levere gjenstander gjenglemt i taxien til sentralens anviste sted innen 24 timer. Han plikter \u00e5 dra forsvarlig omsorg for gjenstanden.<\/p>\n\n\n\n<h2 class=\"wp-block-heading\"><br>\u00a7 12 Ansvar<\/h2>\n\n\n\n<p>a) Skade p\u00e5 person<\/p>\n\n\n\n<p>Transport\u00f8rens ansvar for skade p\u00e5 person under transport er n\u00e6rmere regulert i bilansvarsloven. Transport\u00f8ren skal ha forsikring i samsvar med de krav som lovgivningen bestemmer.<\/p>\n\n\n\n<p>b) Bagasje og annet gods<\/p>\n\n\n\n<p>G\u00e5r h\u00e5ndbagasje eller ting som de reisende medbringer, helt eller delvis tapt, eller blir slike gjenstander skadd under reisen plikter transport\u00f8ren \u00e5 erstatte tapet eller skaden, dersom tapet eller skaden skyldes feil eller fors\u00f8mmelser fra transport\u00f8rens side.<\/p>\n\n\n\n<p>For skade p\u00e5 og\/eller tap av bagasje eller andre ting passasjeren medbringer, er transport\u00f8rens ansvar begrenset til kr. 60,- pr. kg. av den del av godset som er g\u00e5tt tapt eller blir skadet.<\/p>\n\n\n\n<p>c) Forsinkelse<\/p>\n\n\n\n<p>Erstatningsplikt for forsinkelse oppst\u00e5r n\u00e5r fremm\u00f8te eller tiden for \u00e5 fullf\u00f8re oppdraget, overskrider hva som etter omstendighetene m\u00e5 anses som rimelig. Ansvar foreligger ikke dersom forsinkelsen skyldes passasjeren eller omstendigheter som sj\u00e5f\u00f8ren ikke kunne unng\u00e5 og hvis f\u00f8lger han ikke kunne forebygge. Transport\u00f8rens ansvar for forsinkelser er begrenset til transportens kostnader.<\/p>\n\n\n\n<p>d) Den reisendes ansvar<\/p>\n\n\n\n<p>Den reisende plikter \u00e5 erstatte skader som ved forsett eller uaktsomhet p\u00e5f\u00f8res transport\u00f8ren.<\/p>\n\n\n\n<h2 class=\"wp-block-heading\"><br>\u00a7 13 Regler ved tvister<\/h2>\n\n\n\n<p>Tvist mellom den reisende og sj\u00e5f\u00f8ren som ikke lar seg l\u00f8se mellom partene, kan den reisende forelegge avvik til Hurum &amp; R\u00f8yken Taxi AS for videre behandling.<\/p>\n\n\n\n<h2 class=\"wp-block-heading\">\u00a7 14 Reklamasjon, frister og foreldelse<\/h2>\n\n\n\n<p>Den som vil kreve erstatning for tap m\u00e5 gi transport\u00f8ren og\/eller den sentralen hvor transport\u00f8ren er tilsluttet, meddelelse uten ugrunnet opphold.<\/p>\n\n\n\n<p>Krav om erstatning etter disse befordringsvedtekter, foreldes etter et \u00e5r med mindre andre frister skal anvendes i medhold av annen lovgivning.<\/p>\n\n\n\n<h2 class=\"wp-block-heading\">\u00a7 15 Etikk og taushetsplikt<\/h2>\n\n\n\n<p>Sj\u00e5f\u00f8ren har taushetsplikt. Informasjon som sj\u00e5f\u00f8ren f\u00e5r kjennskap til via sitt arbeid skal behandles konfidensielt. Sj\u00e5f\u00f8ren plikter \u00e5 hindre at andre f\u00e5r adgang eller kjennskap til det han\/hun i forbindelse med sin tjeneste f\u00e5r vite om andres personlige forhold.<\/p>\n\n\n\n<p>Sj\u00e5f\u00f8ren skal holde seg n\u00f8ytral i diskusjoner med og mellom kunder, spesielt i kontroversielle sp\u00f8rsm\u00e5l som gjelder for eksempel rase, religion og politikk.<\/p>\n\n\n\n<p>Sj\u00e5f\u00f8ren plikter \u00e5 underrette politiet om straffbare forhold han\/hun f\u00e5r rede p\u00e5 under ut\u00f8velse av transporten. Ref. Straffelovens \u00a7 196.<\/p>\n\n\n\n<h2 class=\"wp-block-heading\">\u00a7 16 Opplysning<\/h2>\n\n\n\n<p>Transportvilk\u00e5rene skal, sammen med gjeldende takstregulativ v\u00e6re tilgjengelig i taxien og forevises den reisende p\u00e5 forlangende.<\/p>\n","protected":false},"excerpt":{"rendered":"<p>\u00a7 1 Transportvilk\u00e5renes anvendelse Transportvilk\u00e5rene er avtalevilk\u00e5r mellom den reisende og taxisj\u00e5f\u00f8ren som er tilsluttet taxisentralen Asker Taxi AS. Sj\u00e5f\u00f8ren skal b\u00e6re synlig ID-kort som er utstedt av Asker Taxi AS som sikrer den reisende p\u00e5 at sj\u00e5f\u00f8ren er godkjent med n\u00f8dvendig oppl\u00e6ring. P\u00e5 alle forhold som ikke er regulert her, kommer norsk lov til&#8230; <a class=\"readmore\" href=\"https:\/\/www.07000.no\/asker\/kundeservice\/transportvilkar\/\"><i>Les mer<\/i><\/a><\/p>\n","protected":false},"author":3,"featured_media":0,"parent":23,"menu_order":0,"comment_status":"closed","ping_status":"closed","template":"","meta":{"_acf_changed":false,"footnotes":""},"class_list":["post-34","page","type-page","status-publish","hentry"],"acf":[],"yoast_head":"<!-- This site is optimized with the Yoast SEO plugin v27.4 - https:\/\/yoast.com\/product\/yoast-seo-wordpress\/ -->\n<title>Transportvilk\u00e5r - Asker Taxi<\/title>\n<meta name=\"robots\" content=\"index, follow, max-snippet:-1, max-image-preview:large, max-video-preview:-1\" \/>\n<link rel=\"canonical\" href=\"https:\/\/www.07000.no\/asker\/kundeservice\/transportvilkar\/\" \/>\n<meta property=\"og:locale\" content=\"nb_NO\" \/>\n<meta property=\"og:type\" content=\"article\" \/>\n<meta property=\"og:title\" content=\"Transportvilk\u00e5r - Asker Taxi\" \/>\n<meta property=\"og:description\" content=\"\u00a7 1 Transportvilk\u00e5renes anvendelse Transportvilk\u00e5rene er avtalevilk\u00e5r mellom den reisende og taxisj\u00e5f\u00f8ren som er tilsluttet taxisentralen Asker Taxi AS. Sj\u00e5f\u00f8ren skal b\u00e6re synlig ID-kort som er utstedt av Asker Taxi AS som sikrer den reisende p\u00e5 at sj\u00e5f\u00f8ren er godkjent med n\u00f8dvendig oppl\u00e6ring. P\u00e5 alle forhold som ikke er regulert her, kommer norsk lov til... Les mer\" \/>\n<meta property=\"og:url\" content=\"https:\/\/www.07000.no\/asker\/kundeservice\/transportvilkar\/\" \/>\n<meta property=\"og:site_name\" content=\"Asker Taxi\" \/>\n<meta property=\"article:modified_time\" content=\"2022-08-09T19:32:11+00:00\" \/>\n<meta name=\"twitter:card\" content=\"summary_large_image\" \/>\n<meta name=\"twitter:label1\" content=\"Ansl. lesetid\" \/>\n\t<meta name=\"twitter:data1\" content=\"8 minutter\" \/>\n<script type=\"application\/ld+json\" class=\"yoast-schema-graph\">{\"@context\":\"https:\\\/\\\/schema.org\",\"@graph\":[{\"@type\":\"WebPage\",\"@id\":\"https:\\\/\\\/www.07000.no\\\/asker\\\/kundeservice\\\/transportvilkar\\\/\",\"url\":\"https:\\\/\\\/www.07000.no\\\/asker\\\/kundeservice\\\/transportvilkar\\\/\",\"name\":\"Transportvilk\u00e5r - Asker Taxi\",\"isPartOf\":{\"@id\":\"https:\\\/\\\/www.07000.no\\\/asker\\\/#website\"},\"datePublished\":\"2020-02-17T13:44:09+00:00\",\"dateModified\":\"2022-08-09T19:32:11+00:00\",\"breadcrumb\":{\"@id\":\"https:\\\/\\\/www.07000.no\\\/asker\\\/kundeservice\\\/transportvilkar\\\/#breadcrumb\"},\"inLanguage\":\"nb-NO\",\"potentialAction\":[{\"@type\":\"ReadAction\",\"target\":[\"https:\\\/\\\/www.07000.no\\\/asker\\\/kundeservice\\\/transportvilkar\\\/\"]}]},{\"@type\":\"BreadcrumbList\",\"@id\":\"https:\\\/\\\/www.07000.no\\\/asker\\\/kundeservice\\\/transportvilkar\\\/#breadcrumb\",\"itemListElement\":[{\"@type\":\"ListItem\",\"position\":1,\"name\":\"Hjem\",\"item\":\"https:\\\/\\\/www.07000.no\\\/asker\\\/\"},{\"@type\":\"ListItem\",\"position\":2,\"name\":\"Kundeservice\",\"item\":\"https:\\\/\\\/www.07000.no\\\/asker\\\/kundeservice\\\/\"},{\"@type\":\"ListItem\",\"position\":3,\"name\":\"Transportvilk\u00e5r\"}]},{\"@type\":\"WebSite\",\"@id\":\"https:\\\/\\\/www.07000.no\\\/asker\\\/#website\",\"url\":\"https:\\\/\\\/www.07000.no\\\/asker\\\/\",\"name\":\"Asker Taxi\",\"description\":\"Bestill taxi p\u00e5 nett eller i app!\",\"potentialAction\":[{\"@type\":\"SearchAction\",\"target\":{\"@type\":\"EntryPoint\",\"urlTemplate\":\"https:\\\/\\\/www.07000.no\\\/asker\\\/?s={search_term_string}\"},\"query-input\":{\"@type\":\"PropertyValueSpecification\",\"valueRequired\":true,\"valueName\":\"search_term_string\"}}],\"inLanguage\":\"nb-NO\"}]}<\/script>\n<!-- \/ Yoast SEO plugin. -->","yoast_head_json":{"title":"Transportvilk\u00e5r - Asker Taxi","robots":{"index":"index","follow":"follow","max-snippet":"max-snippet:-1","max-image-preview":"max-image-preview:large","max-video-preview":"max-video-preview:-1"},"canonical":"https:\/\/www.07000.no\/asker\/kundeservice\/transportvilkar\/","og_locale":"nb_NO","og_type":"article","og_title":"Transportvilk\u00e5r - Asker Taxi","og_description":"\u00a7 1 Transportvilk\u00e5renes anvendelse Transportvilk\u00e5rene er avtalevilk\u00e5r mellom den reisende og taxisj\u00e5f\u00f8ren som er tilsluttet taxisentralen Asker Taxi AS. Sj\u00e5f\u00f8ren skal b\u00e6re synlig ID-kort som er utstedt av Asker Taxi AS som sikrer den reisende p\u00e5 at sj\u00e5f\u00f8ren er godkjent med n\u00f8dvendig oppl\u00e6ring. P\u00e5 alle forhold som ikke er regulert her, kommer norsk lov til... Les mer","og_url":"https:\/\/www.07000.no\/asker\/kundeservice\/transportvilkar\/","og_site_name":"Asker Taxi","article_modified_time":"2022-08-09T19:32:11+00:00","twitter_card":"summary_large_image","twitter_misc":{"Ansl. lesetid":"8 minutter"},"schema":{"@context":"https:\/\/schema.org","@graph":[{"@type":"WebPage","@id":"https:\/\/www.07000.no\/asker\/kundeservice\/transportvilkar\/","url":"https:\/\/www.07000.no\/asker\/kundeservice\/transportvilkar\/","name":"Transportvilk\u00e5r - Asker Taxi","isPartOf":{"@id":"https:\/\/www.07000.no\/asker\/#website"},"datePublished":"2020-02-17T13:44:09+00:00","dateModified":"2022-08-09T19:32:11+00:00","breadcrumb":{"@id":"https:\/\/www.07000.no\/asker\/kundeservice\/transportvilkar\/#breadcrumb"},"inLanguage":"nb-NO","potentialAction":[{"@type":"ReadAction","target":["https:\/\/www.07000.no\/asker\/kundeservice\/transportvilkar\/"]}]},{"@type":"BreadcrumbList","@id":"https:\/\/www.07000.no\/asker\/kundeservice\/transportvilkar\/#breadcrumb","itemListElement":[{"@type":"ListItem","position":1,"name":"Hjem","item":"https:\/\/www.07000.no\/asker\/"},{"@type":"ListItem","position":2,"name":"Kundeservice","item":"https:\/\/www.07000.no\/asker\/kundeservice\/"},{"@type":"ListItem","position":3,"name":"Transportvilk\u00e5r"}]},{"@type":"WebSite","@id":"https:\/\/www.07000.no\/asker\/#website","url":"https:\/\/www.07000.no\/asker\/","name":"Asker Taxi","description":"Bestill taxi p\u00e5 nett eller i app!","potentialAction":[{"@type":"SearchAction","target":{"@type":"EntryPoint","urlTemplate":"https:\/\/www.07000.no\/asker\/?s={search_term_string}"},"query-input":{"@type":"PropertyValueSpecification","valueRequired":true,"valueName":"search_term_string"}}],"inLanguage":"nb-NO"}]}},"_links":{"self":[{"href":"https:\/\/www.07000.no\/asker\/wp-json\/wp\/v2\/pages\/34","targetHints":{"allow":["GET"]}}],"collection":[{"href":"https:\/\/www.07000.no\/asker\/wp-json\/wp\/v2\/pages"}],"about":[{"href":"https:\/\/www.07000.no\/asker\/wp-json\/wp\/v2\/types\/page"}],"author":[{"embeddable":true,"href":"https:\/\/www.07000.no\/asker\/wp-json\/wp\/v2\/users\/3"}],"replies":[{"embeddable":true,"href":"https:\/\/www.07000.no\/asker\/wp-json\/wp\/v2\/comments?post=34"}],"version-history":[{"count":5,"href":"https:\/\/www.07000.no\/asker\/wp-json\/wp\/v2\/pages\/34\/revisions"}],"predecessor-version":[{"id":618,"href":"https:\/\/www.07000.no\/asker\/wp-json\/wp\/v2\/pages\/34\/revisions\/618"}],"up":[{"embeddable":true,"href":"https:\/\/www.07000.no\/asker\/wp-json\/wp\/v2\/pages\/23"}],"wp:attachment":[{"href":"https:\/\/www.07000.no\/asker\/wp-json\/wp\/v2\/media?parent=34"}],"curies":[{"name":"wp","href":"https:\/\/api.w.org\/{rel}","templated":true}]}}