{"id":7,"date":"2020-02-19T15:33:26","date_gmt":"2020-02-19T14:33:26","guid":{"rendered":"https:\/\/www.07000.no\/mandaltaxi\/?page_id=7"},"modified":"2024-02-05T15:30:49","modified_gmt":"2024-02-05T14:30:49","slug":"om-oss","status":"publish","type":"page","link":"https:\/\/www.07000.no\/mandal\/om-oss\/","title":{"rendered":"Om oss"},"content":{"rendered":"\n<h2 class=\"wp-block-heading\">Velkommen til 07000 Mandal Taxi<\/h2>\n\n\n\n<figure class=\"wp-block-image size-large\"><img loading=\"lazy\" decoding=\"async\" width=\"1024\" height=\"436\" src=\"https:\/\/www.07000.no\/mandaltaxi\/wp-content\/uploads\/sites\/7\/2020\/02\/Sj\u00f8sanden-1024x436.gif\" alt=\"\" class=\"wp-image-9\" srcset=\"https:\/\/www.07000.no\/mandal\/wp-content\/uploads\/sites\/7\/2020\/02\/Sj\u00f8sanden-1024x436.gif 1024w, https:\/\/www.07000.no\/mandal\/wp-content\/uploads\/sites\/7\/2020\/02\/Sj\u00f8sanden-300x128.gif 300w, https:\/\/www.07000.no\/mandal\/wp-content\/uploads\/sites\/7\/2020\/02\/Sj\u00f8sanden-768x327.gif 768w, https:\/\/www.07000.no\/mandal\/wp-content\/uploads\/sites\/7\/2020\/02\/Sj\u00f8sanden-1536x654.gif 1536w\" sizes=\"auto, (max-width: 1024px) 100vw, 1024px\" \/><\/figure>\n\n\n\n<p>Menneskene du m\u00f8ter hos oss er streber etter \u00e5 alltid gi deg den beste servicen, og den mest effektive transporten.<\/p>\n\n\n\n<p>Som en del av 07000-samarbeidet f\u00e5r du ogs\u00e5 tilgang til nye og bedre l\u00f8sninger. Du kan blant annet bestille taxi fra oss med 07000-appen og p\u00e5 internett. Du kan ogs\u00e5 n\u00e5 oss ved \u00e5 ringe 07000 hele d\u00f8gnet &#8211; hele \u00e5ret!<\/p>\n\n\n\n<ul class=\"wp-block-list\">\n<li>Hvis ikke du allerede har&nbsp;<strong>07000-appen<\/strong>&nbsp;kan du<strong><a href=\"https:\/\/delivr.com\/1byci\">&nbsp;<strong>laste den ned her<\/strong><\/a>&nbsp;<\/strong><\/li>\n\n\n\n<li>Hvis du vil\u00a0<a href=\"https:\/\/www.07000.no\/mandal\/bestill-taxi\/\"><strong>bestille p\u00e5 nett er det bare \u00e5 klikke her\u00a0<\/strong><\/a><\/li>\n<\/ul>\n\n\n\n<p><a href=\"https:\/\/www.facebook.com\/MandalTaxi\/\">Klikk her for \u00e5 lese mer om oss p\u00e5 Facebook!<\/a><\/p>\n","protected":false},"excerpt":{"rendered":"<p>Velkommen til 07000 Mandal Taxi Menneskene du m\u00f8ter hos oss er streber etter \u00e5 alltid gi deg den beste servicen, og den mest effektive transporten. Som en del av 07000-samarbeidet f\u00e5r du ogs\u00e5 tilgang til nye og bedre l\u00f8sninger. Du kan blant annet bestille taxi fra oss med 07000-appen og p\u00e5 internett. Du kan ogs\u00e5&#8230; <a class=\"readmore\" href=\"https:\/\/www.07000.no\/mandal\/om-oss\/\"><i>Les mer<\/i><\/a><\/p>\n","protected":false},"author":3,"featured_media":0,"parent":0,"menu_order":0,"comment_status":"closed","ping_status":"closed","template":"","meta":{"_acf_changed":false,"footnotes":""},"class_list":["post-7","page","type-page","status-publish","hentry"],"acf":[],"yoast_head":"<!-- This site is optimized with the Yoast SEO plugin v27.5 - https:\/\/yoast.com\/product\/yoast-seo-wordpress\/ -->\n<title>Om oss - Mandal Taxi<\/title>\n<meta name=\"robots\" content=\"index, follow, max-snippet:-1, max-image-preview:large, max-video-preview:-1\" \/>\n<link rel=\"canonical\" href=\"https:\/\/www.07000.no\/mandal\/om-oss\/\" \/>\n<meta property=\"og:locale\" content=\"nb_NO\" \/>\n<meta property=\"og:type\" content=\"article\" \/>\n<meta property=\"og:title\" content=\"Om oss - Mandal Taxi\" \/>\n<meta property=\"og:description\" content=\"Velkommen til 07000 Mandal Taxi Menneskene du m\u00f8ter hos oss er streber etter \u00e5 alltid gi deg den beste servicen, og den mest effektive transporten. Som en del av 07000-samarbeidet f\u00e5r du ogs\u00e5 tilgang til nye og bedre l\u00f8sninger. Du kan blant annet bestille taxi fra oss med 07000-appen og p\u00e5 internett. Du kan ogs\u00e5... Les mer\" \/>\n<meta property=\"og:url\" content=\"https:\/\/www.07000.no\/mandal\/om-oss\/\" \/>\n<meta property=\"og:site_name\" content=\"Mandal Taxi\" \/>\n<meta property=\"article:modified_time\" content=\"2024-02-05T14:30:49+00:00\" \/>\n<meta property=\"og:image\" content=\"https:\/\/www.07000.no\/mandal\/wp-content\/uploads\/sites\/7\/2020\/02\/mandal.jpg\" \/>\n\t<meta property=\"og:image:width\" content=\"1600\" \/>\n\t<meta property=\"og:image:height\" content=\"1067\" \/>\n\t<meta property=\"og:image:type\" content=\"image\/jpeg\" \/>\n<meta name=\"twitter:card\" content=\"summary_large_image\" \/>\n<meta name=\"twitter:label1\" content=\"Ansl. lesetid\" \/>\n\t<meta name=\"twitter:data1\" content=\"1 minutt\" \/>\n<script type=\"application\/ld+json\" class=\"yoast-schema-graph\">{\"@context\":\"https:\\\/\\\/schema.org\",\"@graph\":[{\"@type\":\"WebPage\",\"@id\":\"https:\\\/\\\/www.07000.no\\\/mandal\\\/om-oss\\\/\",\"url\":\"https:\\\/\\\/www.07000.no\\\/mandal\\\/om-oss\\\/\",\"name\":\"Om oss - Mandal Taxi\",\"isPartOf\":{\"@id\":\"https:\\\/\\\/www.07000.no\\\/mandal\\\/#website\"},\"datePublished\":\"2020-02-19T14:33:26+00:00\",\"dateModified\":\"2024-02-05T14:30:49+00:00\",\"breadcrumb\":{\"@id\":\"https:\\\/\\\/www.07000.no\\\/mandal\\\/om-oss\\\/#breadcrumb\"},\"inLanguage\":\"nb-NO\",\"potentialAction\":[{\"@type\":\"ReadAction\",\"target\":[\"https:\\\/\\\/www.07000.no\\\/mandal\\\/om-oss\\\/\"]}]},{\"@type\":\"BreadcrumbList\",\"@id\":\"https:\\\/\\\/www.07000.no\\\/mandal\\\/om-oss\\\/#breadcrumb\",\"itemListElement\":[{\"@type\":\"ListItem\",\"position\":1,\"name\":\"Hjem\",\"item\":\"https:\\\/\\\/www.07000.no\\\/mandal\\\/\"},{\"@type\":\"ListItem\",\"position\":2,\"name\":\"Om oss\"}]},{\"@type\":\"WebSite\",\"@id\":\"https:\\\/\\\/www.07000.no\\\/mandal\\\/#website\",\"url\":\"https:\\\/\\\/www.07000.no\\\/mandal\\\/\",\"name\":\"Mandal Taxi\",\"description\":\"Bestill taxi p\u00e5 nett eller i app!\",\"potentialAction\":[{\"@type\":\"SearchAction\",\"target\":{\"@type\":\"EntryPoint\",\"urlTemplate\":\"https:\\\/\\\/www.07000.no\\\/mandal\\\/?s={search_term_string}\"},\"query-input\":{\"@type\":\"PropertyValueSpecification\",\"valueRequired\":true,\"valueName\":\"search_term_string\"}}],\"inLanguage\":\"nb-NO\"}]}<\/script>\n<!-- \/ Yoast SEO plugin. -->","yoast_head_json":{"title":"Om oss - Mandal Taxi","robots":{"index":"index","follow":"follow","max-snippet":"max-snippet:-1","max-image-preview":"max-image-preview:large","max-video-preview":"max-video-preview:-1"},"canonical":"https:\/\/www.07000.no\/mandal\/om-oss\/","og_locale":"nb_NO","og_type":"article","og_title":"Om oss - Mandal Taxi","og_description":"Velkommen til 07000 Mandal Taxi Menneskene du m\u00f8ter hos oss er streber etter \u00e5 alltid gi deg den beste servicen, og den mest effektive transporten. Som en del av 07000-samarbeidet f\u00e5r du ogs\u00e5 tilgang til nye og bedre l\u00f8sninger. Du kan blant annet bestille taxi fra oss med 07000-appen og p\u00e5 internett. Du kan ogs\u00e5... Les mer","og_url":"https:\/\/www.07000.no\/mandal\/om-oss\/","og_site_name":"Mandal Taxi","article_modified_time":"2024-02-05T14:30:49+00:00","og_image":[{"width":1600,"height":1067,"url":"https:\/\/www.07000.no\/mandal\/wp-content\/uploads\/sites\/7\/2020\/02\/mandal.jpg","type":"image\/jpeg"}],"twitter_card":"summary_large_image","twitter_misc":{"Ansl. lesetid":"1 minutt"},"schema":{"@context":"https:\/\/schema.org","@graph":[{"@type":"WebPage","@id":"https:\/\/www.07000.no\/mandal\/om-oss\/","url":"https:\/\/www.07000.no\/mandal\/om-oss\/","name":"Om oss - Mandal Taxi","isPartOf":{"@id":"https:\/\/www.07000.no\/mandal\/#website"},"datePublished":"2020-02-19T14:33:26+00:00","dateModified":"2024-02-05T14:30:49+00:00","breadcrumb":{"@id":"https:\/\/www.07000.no\/mandal\/om-oss\/#breadcrumb"},"inLanguage":"nb-NO","potentialAction":[{"@type":"ReadAction","target":["https:\/\/www.07000.no\/mandal\/om-oss\/"]}]},{"@type":"BreadcrumbList","@id":"https:\/\/www.07000.no\/mandal\/om-oss\/#breadcrumb","itemListElement":[{"@type":"ListItem","position":1,"name":"Hjem","item":"https:\/\/www.07000.no\/mandal\/"},{"@type":"ListItem","position":2,"name":"Om oss"}]},{"@type":"WebSite","@id":"https:\/\/www.07000.no\/mandal\/#website","url":"https:\/\/www.07000.no\/mandal\/","name":"Mandal Taxi","description":"Bestill taxi p\u00e5 nett eller i app!","potentialAction":[{"@type":"SearchAction","target":{"@type":"EntryPoint","urlTemplate":"https:\/\/www.07000.no\/mandal\/?s={search_term_string}"},"query-input":{"@type":"PropertyValueSpecification","valueRequired":true,"valueName":"search_term_string"}}],"inLanguage":"nb-NO"}]}},"_links":{"self":[{"href":"https:\/\/www.07000.no\/mandal\/wp-json\/wp\/v2\/pages\/7","targetHints":{"allow":["GET"]}}],"collection":[{"href":"https:\/\/www.07000.no\/mandal\/wp-json\/wp\/v2\/pages"}],"about":[{"href":"https:\/\/www.07000.no\/mandal\/wp-json\/wp\/v2\/types\/page"}],"author":[{"embeddable":true,"href":"https:\/\/www.07000.no\/mandal\/wp-json\/wp\/v2\/users\/3"}],"replies":[{"embeddable":true,"href":"https:\/\/www.07000.no\/mandal\/wp-json\/wp\/v2\/comments?post=7"}],"version-history":[{"count":4,"href":"https:\/\/www.07000.no\/mandal\/wp-json\/wp\/v2\/pages\/7\/revisions"}],"predecessor-version":[{"id":182,"href":"https:\/\/www.07000.no\/mandal\/wp-json\/wp\/v2\/pages\/7\/revisions\/182"}],"wp:attachment":[{"href":"https:\/\/www.07000.no\/mandal\/wp-json\/wp\/v2\/media?parent=7"}],"curies":[{"name":"wp","href":"https:\/\/api.w.org\/{rel}","templated":true}]}}