{"id":18,"date":"2020-02-17T09:39:28","date_gmt":"2020-02-17T08:39:28","guid":{"rendered":"https:\/\/www.07000.no\/osteroy\/?page_id=18"},"modified":"2024-02-05T15:32:01","modified_gmt":"2024-02-05T14:32:01","slug":"om-oss","status":"publish","type":"page","link":"https:\/\/www.07000.no\/osteroy\/om-oss\/","title":{"rendered":"Om oss"},"content":{"rendered":"\n<h2 class=\"wp-block-heading\">Velkommen til 07000 Oster\u00f8y Taxi<\/h2>\n\n\n\n<figure class=\"wp-block-image size-large\"><img loading=\"lazy\" decoding=\"async\" width=\"1024\" height=\"796\" src=\"https:\/\/www.07000.no\/osteroy\/wp-content\/uploads\/sites\/5\/2020\/05\/IMG_2886-1024x796.jpeg\" alt=\"\" class=\"wp-image-152\" srcset=\"https:\/\/www.07000.no\/osteroy\/wp-content\/uploads\/sites\/5\/2020\/05\/IMG_2886-1024x796.jpeg 1024w, https:\/\/www.07000.no\/osteroy\/wp-content\/uploads\/sites\/5\/2020\/05\/IMG_2886-300x233.jpeg 300w, https:\/\/www.07000.no\/osteroy\/wp-content\/uploads\/sites\/5\/2020\/05\/IMG_2886-768x597.jpeg 768w, https:\/\/www.07000.no\/osteroy\/wp-content\/uploads\/sites\/5\/2020\/05\/IMG_2886.jpeg 1482w\" sizes=\"auto, (max-width: 1024px) 100vw, 1024px\" \/><figcaption class=\"wp-element-caption\">Oster\u00f8y Taxisentral ble startet i 1985. Ole Pedersen (bildet) var en av de som startet sentralen. Bildet er er fra 1997 da sentralen var i Lonev\u00e5g<\/figcaption><\/figure>\n\n\n\n<p>07000 Oster\u00f8y Taxi driver taxitransport i, fra og til Oster\u00f8y. Vi utf\u00f8rer alt innen persontransport. Vanlig taxitransport, TT-turer, skolekj\u00f8ring og rullestoltransport m.m<\/p>\n\n\n\n<p>Vi samarbeider ogs\u00e5 med Litland Blomster og leverer bestilte blomster p\u00e5 d\u00f8ren til mottaker.<\/p>\n\n\n\n<p>V\u00e5rt m\u00e5l er \u00e5 ha ett komplett tilbud til v\u00e5re kunder.<\/p>\n\n\n\n<p>V\u00e5r bilpark best\u00e5r av 15 biler, alt fra vanlige 5-setere til to 9-setere som kan frakte rullestoler.<\/p>\n\n\n\n<p>Vi holder til i trivelige lokaler p\u00e5 Sm\u00e5land. (Gamle YX)<\/p>\n\n\n\n<h2 class=\"wp-block-heading\">07000 Oster\u00f8y Taxi<\/h2>\n\n\n\n<figure class=\"wp-block-image size-large\"><img loading=\"lazy\" decoding=\"async\" width=\"1024\" height=\"768\" src=\"https:\/\/www.07000.no\/osteroy\/wp-content\/uploads\/sites\/5\/2020\/04\/Oster\u00f8y-Fjordslottet-1024x768.jpg\" alt=\"\" class=\"wp-image-124\" srcset=\"https:\/\/www.07000.no\/osteroy\/wp-content\/uploads\/sites\/5\/2020\/04\/Oster\u00f8y-Fjordslottet-1024x768.jpg 1024w, https:\/\/www.07000.no\/osteroy\/wp-content\/uploads\/sites\/5\/2020\/04\/Oster\u00f8y-Fjordslottet-300x225.jpg 300w, https:\/\/www.07000.no\/osteroy\/wp-content\/uploads\/sites\/5\/2020\/04\/Oster\u00f8y-Fjordslottet-768x576.jpg 768w, https:\/\/www.07000.no\/osteroy\/wp-content\/uploads\/sites\/5\/2020\/04\/Oster\u00f8y-Fjordslottet-1536x1152.jpg 1536w, https:\/\/www.07000.no\/osteroy\/wp-content\/uploads\/sites\/5\/2020\/04\/Oster\u00f8y-Fjordslottet-2048x1536.jpg 2048w\" sizes=\"auto, (max-width: 1024px) 100vw, 1024px\" \/><\/figure>\n\n\n\n<p>4. januar 2018 ble vi 07000 Oster\u00f8y Taxi! Det betyr at du vil oppleve nytt utseende blant annet p\u00e5 biler og uniformer. Menneskene du m\u00f8ter er imidlertid akkurat de samme som f\u00f8r, og du vil selvf\u00f8lgelig f\u00e5 den samme gode servicen som du er vant til fra oss i Oster\u00f8y Taxi!<\/p>\n\n\n\n<p>N\u00e5r vi n\u00e5 har blitt en del av 07000-samarbeidet f\u00e5r du ogs\u00e5 tilgang til nye og bedre l\u00f8sninger. Du kan n\u00e5 blant annet bestille taxi p\u00e5 Oster\u00f8y med 07000-appen og p\u00e5 internett. Du kan ogs\u00e5 n\u00e5 oss ved \u00e5 ringe 07000 (eller 55 99 70 00): hele d\u00f8gnet &#8211; hele \u00e5ret!<\/p>\n\n\n\n<ul class=\"wp-block-list\">\n<li>Hvis ikke du allerede har&nbsp;<strong>07000-appen<\/strong>&nbsp;kan du<strong><a href=\"https:\/\/delivr.com\/1byci\">&nbsp;<strong>laste den ned her<\/strong><\/a>&nbsp;<\/strong><\/li>\n\n\n\n<li>Hvis du vil\u00a0<a href=\"https:\/\/www.07000.no\/osteroy\/bestill-taxi\/\"><strong>bestille p\u00e5 nett er det bare \u00e5 klikke her\u00a0<\/strong><\/a><\/li>\n<\/ul>\n\n\n\n<p>Du finner mer informasjon om 07000 Oster\u00f8y Taxi og v\u00e5re l\u00f8sninger i menyen til venstre.<\/p>\n\n\n\n<p>Les mer og f\u00f8lg 07000 Oster\u00f8y Taxi p\u00e5 Facebook ved \u00e5 klikke&nbsp;<a href=\"https:\/\/www.facebook.com\/07000osteroy\/\">her<\/a>!<\/p>\n\n\n\n<p><\/p>\n","protected":false},"excerpt":{"rendered":"<p>Velkommen til 07000 Oster\u00f8y Taxi 07000 Oster\u00f8y Taxi driver taxitransport i, fra og til Oster\u00f8y. Vi utf\u00f8rer alt innen persontransport. Vanlig taxitransport, TT-turer, skolekj\u00f8ring og rullestoltransport m.m Vi samarbeider ogs\u00e5 med Litland Blomster og leverer bestilte blomster p\u00e5 d\u00f8ren til mottaker. V\u00e5rt m\u00e5l er \u00e5 ha ett komplett tilbud til v\u00e5re kunder. V\u00e5r bilpark best\u00e5r&#8230; <a class=\"readmore\" href=\"https:\/\/www.07000.no\/osteroy\/om-oss\/\"><i>Les mer<\/i><\/a><\/p>\n","protected":false},"author":3,"featured_media":0,"parent":0,"menu_order":0,"comment_status":"closed","ping_status":"closed","template":"","meta":{"_acf_changed":false,"footnotes":""},"class_list":["post-18","page","type-page","status-publish","hentry"],"acf":[],"yoast_head":"<!-- This site is optimized with the Yoast SEO plugin v27.4 - https:\/\/yoast.com\/product\/yoast-seo-wordpress\/ -->\n<title>Om oss - Oster\u00f8y Taxi<\/title>\n<meta name=\"robots\" content=\"index, follow, max-snippet:-1, max-image-preview:large, max-video-preview:-1\" \/>\n<link rel=\"canonical\" href=\"https:\/\/www.07000.no\/osteroy\/om-oss\/\" \/>\n<meta property=\"og:locale\" content=\"nb_NO\" \/>\n<meta property=\"og:type\" content=\"article\" \/>\n<meta property=\"og:title\" content=\"Om oss - Oster\u00f8y Taxi\" \/>\n<meta property=\"og:description\" content=\"Velkommen til 07000 Oster\u00f8y Taxi 07000 Oster\u00f8y Taxi driver taxitransport i, fra og til Oster\u00f8y. Vi utf\u00f8rer alt innen persontransport. Vanlig taxitransport, TT-turer, skolekj\u00f8ring og rullestoltransport m.m Vi samarbeider ogs\u00e5 med Litland Blomster og leverer bestilte blomster p\u00e5 d\u00f8ren til mottaker. V\u00e5rt m\u00e5l er \u00e5 ha ett komplett tilbud til v\u00e5re kunder. V\u00e5r bilpark best\u00e5r... Les mer\" \/>\n<meta property=\"og:url\" content=\"https:\/\/www.07000.no\/osteroy\/om-oss\/\" \/>\n<meta property=\"og:site_name\" content=\"Oster\u00f8y Taxi\" \/>\n<meta property=\"article:modified_time\" content=\"2024-02-05T14:32:01+00:00\" \/>\n<meta property=\"og:image\" content=\"https:\/\/www.07000.no\/osteroy\/wp-content\/uploads\/sites\/5\/2020\/05\/IMG_2886-1024x796.jpeg\" \/>\n<meta name=\"twitter:card\" content=\"summary_large_image\" \/>\n<meta name=\"twitter:label1\" content=\"Ansl. lesetid\" \/>\n\t<meta name=\"twitter:data1\" content=\"2 minutter\" \/>\n<script type=\"application\/ld+json\" class=\"yoast-schema-graph\">{\"@context\":\"https:\\\/\\\/schema.org\",\"@graph\":[{\"@type\":\"WebPage\",\"@id\":\"https:\\\/\\\/www.07000.no\\\/osteroy\\\/om-oss\\\/\",\"url\":\"https:\\\/\\\/www.07000.no\\\/osteroy\\\/om-oss\\\/\",\"name\":\"Om oss - Oster\u00f8y Taxi\",\"isPartOf\":{\"@id\":\"https:\\\/\\\/www.07000.no\\\/osteroy\\\/#website\"},\"primaryImageOfPage\":{\"@id\":\"https:\\\/\\\/www.07000.no\\\/osteroy\\\/om-oss\\\/#primaryimage\"},\"image\":{\"@id\":\"https:\\\/\\\/www.07000.no\\\/osteroy\\\/om-oss\\\/#primaryimage\"},\"thumbnailUrl\":\"https:\\\/\\\/www.07000.no\\\/osteroy\\\/wp-content\\\/uploads\\\/sites\\\/5\\\/2020\\\/05\\\/IMG_2886-1024x796.jpeg\",\"datePublished\":\"2020-02-17T08:39:28+00:00\",\"dateModified\":\"2024-02-05T14:32:01+00:00\",\"breadcrumb\":{\"@id\":\"https:\\\/\\\/www.07000.no\\\/osteroy\\\/om-oss\\\/#breadcrumb\"},\"inLanguage\":\"nb-NO\",\"potentialAction\":[{\"@type\":\"ReadAction\",\"target\":[\"https:\\\/\\\/www.07000.no\\\/osteroy\\\/om-oss\\\/\"]}]},{\"@type\":\"ImageObject\",\"inLanguage\":\"nb-NO\",\"@id\":\"https:\\\/\\\/www.07000.no\\\/osteroy\\\/om-oss\\\/#primaryimage\",\"url\":\"https:\\\/\\\/www.07000.no\\\/osteroy\\\/wp-content\\\/uploads\\\/sites\\\/5\\\/2020\\\/05\\\/IMG_2886.jpeg\",\"contentUrl\":\"https:\\\/\\\/www.07000.no\\\/osteroy\\\/wp-content\\\/uploads\\\/sites\\\/5\\\/2020\\\/05\\\/IMG_2886.jpeg\",\"width\":1482,\"height\":1152,\"caption\":\"Oster\u00f8y Taxisentral ble startet i 1985. Ole Pedersen (bildet) var en av de som startet sentral. Bildet er er fra 1997 da sentralen var i Lonev\u00e5g\"},{\"@type\":\"BreadcrumbList\",\"@id\":\"https:\\\/\\\/www.07000.no\\\/osteroy\\\/om-oss\\\/#breadcrumb\",\"itemListElement\":[{\"@type\":\"ListItem\",\"position\":1,\"name\":\"Hjem\",\"item\":\"https:\\\/\\\/www.07000.no\\\/osteroy\\\/\"},{\"@type\":\"ListItem\",\"position\":2,\"name\":\"Om oss\"}]},{\"@type\":\"WebSite\",\"@id\":\"https:\\\/\\\/www.07000.no\\\/osteroy\\\/#website\",\"url\":\"https:\\\/\\\/www.07000.no\\\/osteroy\\\/\",\"name\":\"Oster\u00f8y Taxi\",\"description\":\"Bestill taxi p\u00e5 nett eller i app!\",\"potentialAction\":[{\"@type\":\"SearchAction\",\"target\":{\"@type\":\"EntryPoint\",\"urlTemplate\":\"https:\\\/\\\/www.07000.no\\\/osteroy\\\/?s={search_term_string}\"},\"query-input\":{\"@type\":\"PropertyValueSpecification\",\"valueRequired\":true,\"valueName\":\"search_term_string\"}}],\"inLanguage\":\"nb-NO\"}]}<\/script>\n<!-- \/ Yoast SEO plugin. -->","yoast_head_json":{"title":"Om oss - Oster\u00f8y Taxi","robots":{"index":"index","follow":"follow","max-snippet":"max-snippet:-1","max-image-preview":"max-image-preview:large","max-video-preview":"max-video-preview:-1"},"canonical":"https:\/\/www.07000.no\/osteroy\/om-oss\/","og_locale":"nb_NO","og_type":"article","og_title":"Om oss - Oster\u00f8y Taxi","og_description":"Velkommen til 07000 Oster\u00f8y Taxi 07000 Oster\u00f8y Taxi driver taxitransport i, fra og til Oster\u00f8y. Vi utf\u00f8rer alt innen persontransport. Vanlig taxitransport, TT-turer, skolekj\u00f8ring og rullestoltransport m.m Vi samarbeider ogs\u00e5 med Litland Blomster og leverer bestilte blomster p\u00e5 d\u00f8ren til mottaker. V\u00e5rt m\u00e5l er \u00e5 ha ett komplett tilbud til v\u00e5re kunder. V\u00e5r bilpark best\u00e5r... Les mer","og_url":"https:\/\/www.07000.no\/osteroy\/om-oss\/","og_site_name":"Oster\u00f8y Taxi","article_modified_time":"2024-02-05T14:32:01+00:00","og_image":[{"url":"https:\/\/www.07000.no\/osteroy\/wp-content\/uploads\/sites\/5\/2020\/05\/IMG_2886-1024x796.jpeg","type":"","width":"","height":""}],"twitter_card":"summary_large_image","twitter_misc":{"Ansl. lesetid":"2 minutter"},"schema":{"@context":"https:\/\/schema.org","@graph":[{"@type":"WebPage","@id":"https:\/\/www.07000.no\/osteroy\/om-oss\/","url":"https:\/\/www.07000.no\/osteroy\/om-oss\/","name":"Om oss - Oster\u00f8y Taxi","isPartOf":{"@id":"https:\/\/www.07000.no\/osteroy\/#website"},"primaryImageOfPage":{"@id":"https:\/\/www.07000.no\/osteroy\/om-oss\/#primaryimage"},"image":{"@id":"https:\/\/www.07000.no\/osteroy\/om-oss\/#primaryimage"},"thumbnailUrl":"https:\/\/www.07000.no\/osteroy\/wp-content\/uploads\/sites\/5\/2020\/05\/IMG_2886-1024x796.jpeg","datePublished":"2020-02-17T08:39:28+00:00","dateModified":"2024-02-05T14:32:01+00:00","breadcrumb":{"@id":"https:\/\/www.07000.no\/osteroy\/om-oss\/#breadcrumb"},"inLanguage":"nb-NO","potentialAction":[{"@type":"ReadAction","target":["https:\/\/www.07000.no\/osteroy\/om-oss\/"]}]},{"@type":"ImageObject","inLanguage":"nb-NO","@id":"https:\/\/www.07000.no\/osteroy\/om-oss\/#primaryimage","url":"https:\/\/www.07000.no\/osteroy\/wp-content\/uploads\/sites\/5\/2020\/05\/IMG_2886.jpeg","contentUrl":"https:\/\/www.07000.no\/osteroy\/wp-content\/uploads\/sites\/5\/2020\/05\/IMG_2886.jpeg","width":1482,"height":1152,"caption":"Oster\u00f8y Taxisentral ble startet i 1985. Ole Pedersen (bildet) var en av de som startet sentral. Bildet er er fra 1997 da sentralen var i Lonev\u00e5g"},{"@type":"BreadcrumbList","@id":"https:\/\/www.07000.no\/osteroy\/om-oss\/#breadcrumb","itemListElement":[{"@type":"ListItem","position":1,"name":"Hjem","item":"https:\/\/www.07000.no\/osteroy\/"},{"@type":"ListItem","position":2,"name":"Om oss"}]},{"@type":"WebSite","@id":"https:\/\/www.07000.no\/osteroy\/#website","url":"https:\/\/www.07000.no\/osteroy\/","name":"Oster\u00f8y Taxi","description":"Bestill taxi p\u00e5 nett eller i app!","potentialAction":[{"@type":"SearchAction","target":{"@type":"EntryPoint","urlTemplate":"https:\/\/www.07000.no\/osteroy\/?s={search_term_string}"},"query-input":{"@type":"PropertyValueSpecification","valueRequired":true,"valueName":"search_term_string"}}],"inLanguage":"nb-NO"}]}},"_links":{"self":[{"href":"https:\/\/www.07000.no\/osteroy\/wp-json\/wp\/v2\/pages\/18","targetHints":{"allow":["GET"]}}],"collection":[{"href":"https:\/\/www.07000.no\/osteroy\/wp-json\/wp\/v2\/pages"}],"about":[{"href":"https:\/\/www.07000.no\/osteroy\/wp-json\/wp\/v2\/types\/page"}],"author":[{"embeddable":true,"href":"https:\/\/www.07000.no\/osteroy\/wp-json\/wp\/v2\/users\/3"}],"replies":[{"embeddable":true,"href":"https:\/\/www.07000.no\/osteroy\/wp-json\/wp\/v2\/comments?post=18"}],"version-history":[{"count":10,"href":"https:\/\/www.07000.no\/osteroy\/wp-json\/wp\/v2\/pages\/18\/revisions"}],"predecessor-version":[{"id":465,"href":"https:\/\/www.07000.no\/osteroy\/wp-json\/wp\/v2\/pages\/18\/revisions\/465"}],"wp:attachment":[{"href":"https:\/\/www.07000.no\/osteroy\/wp-json\/wp\/v2\/media?parent=18"}],"curies":[{"name":"wp","href":"https:\/\/api.w.org\/{rel}","templated":true}]}}