{"id":4,"date":"2020-02-17T11:33:49","date_gmt":"2020-02-17T10:33:49","guid":{"rendered":"https:\/\/www.07000.no\/samnanger\/?page_id=4"},"modified":"2024-09-03T13:09:42","modified_gmt":"2024-09-03T11:09:42","slug":"forside","status":"publish","type":"page","link":"https:\/\/www.07000.no\/samnanger\/","title":{"rendered":"Velkommen til 07000 Samnanger Taxi"},"content":{"rendered":"\n<div class=\"wp-block-columns is-layout-flex wp-container-core-columns-is-layout-9d6595d7 wp-block-columns-is-layout-flex\">\n<div class=\"wp-block-column is-layout-flow wp-block-column-is-layout-flow\" style=\"flex-basis:66.66%\"><div class=\"latestnews\" data-equalizer-watch>\n    <div class=\"grid-x align-top\">\n        <div class=\"header small-12\">\n            <h4>Aktuelt<\/h4>\n        <\/div>\n        \n                            <div class=\"small-12\">\n                <span class=\"date\">27. september 2024<\/span>\n                <a href=\"https:\/\/www.07000.no\/samnanger\/aktuelt\/test\/\"><h5><span class=\"header\">Velkommen til 07000 Samnanger Taxi!<\/span><span class=\"rsaquo\"> &rsaquo;<\/span><\/h5><\/a>\n                \n                            <\/div>\n\n                                                                            <div class=\"small-12\">\n                <span class=\"date\">15. februar 2025<\/span>\n                <a href=\"https:\/\/www.07000.no\/aktuelt\/du-kan-alltid-velge\/\"><h5><span class=\"header\">Du kan alltid velge!<\/span><span class=\"rsaquo\"> &rsaquo;<\/span><\/h5><\/a>\n                \n                            <\/div>\n        \n                            <div class=\"small-12\">\n                <span class=\"date\">20. juni 2022<\/span>\n                <a href=\"https:\/\/www.07000.no\/aktuelt\/er-du-medlem-av-07000-pri\/\"><h5><span class=\"header\">Er du medlem av 07000 Pri?<\/span><span class=\"rsaquo\"> &rsaquo;<\/span><\/h5><\/a>\n                \n                            <\/div>\n        \n                            <div class=\"small-12\">\n                <span class=\"date\">25. mai 2022<\/span>\n                <a href=\"https:\/\/www.07000.no\/aktuelt\/vi-trenger-deg\/\"><h5><span class=\"header\">Vi trenger deg!<\/span><span class=\"rsaquo\"> &rsaquo;<\/span><\/h5><\/a>\n                \n                            <\/div>\n        \n                            <div class=\"small-12\">\n                <span class=\"date\">28. oktober 2021<\/span>\n                <a href=\"https:\/\/www.07000.no\/aktuelt\/uansett-anledning-ta-en-07000\/\"><h5><span class=\"header\">Uansett anledning &#8211; Ta en 07000!<\/span><span class=\"rsaquo\"> &rsaquo;<\/span><\/h5><\/a>\n                \n                            <\/div>\n        \n                        <div class=\"morelink small-12 align-self-bottom\">\n            <a href=\"https:\/\/www.07000.no\/samnanger\/aktuelt\/\">\n                Les flere saker\n            <\/a>\n        <\/div>\n    <\/div>\n<\/div><\/div>\n\n\n\n<div class=\"wp-block-column is-layout-flow wp-block-column-is-layout-flow\" style=\"flex-basis:33.33%\"><div class=\"contactus\" data-equalizer-watch>\n    <div class=\"grid-x align-middle\">\n        <div class=\"small-12 align-self-top\">\n            <h4>Kontakt oss<\/h4>\n        <\/div>\n            \n        <div class=\"small-12\">\n            <ul class=\"menu\">\n                <li class=\"iconphone\">\n                    <a href=\"tel:+4707000\">\n                        <img decoding=\"async\" src=\"https:\/\/www.07000.no\/samnanger\/wp-content\/themes\/nullsjutusen\/assets\/images\/icon_phone.svg\" width=\"16\" \/>\n                        07000                    <\/a>              \n                <\/li>\n                                    <li class=\"iconchat\">\n                        <a href=\"#\" class=\"chatstarter\" onClick=\"startChat();\">\n                            <img decoding=\"async\" src=\"https:\/\/www.07000.no\/samnanger\/wp-content\/themes\/nullsjutusen\/assets\/images\/icon_chat.svg\" width=\"16\" \/>\n                            Start ny samtale\n                        <\/a>\n                    <\/li>\n                \n                                <li class=\"iconcontactscheme\">\n                    <a href=\"https:\/\/www.07000.no\/samnanger\/kontakt-oss\/\">\n                        <img decoding=\"async\" src=\"https:\/\/www.07000.no\/samnanger\/wp-content\/themes\/nullsjutusen\/assets\/images\/icon_email.svg\" width=\"16\" \/>\n                        Kontaktskjema\n                    <\/a>\n                <\/li>\n                                                <li class=\"iconfacebook\">\n                    <a href=\"https:\/\/www.facebook.com\/Hardanger-Taxi-2179106662302318\/\">\n                        <img decoding=\"async\" src=\"https:\/\/www.07000.no\/samnanger\/wp-content\/themes\/nullsjutusen\/assets\/images\/icon_facebook.svg\" width=\"16\" \/>\n                        F\u00f8lg oss p\u00e5 facebook!\n                    <\/a>\n                <\/li>\n                                <li class=\"iconsearch\">\n                    <a href=\"https:\/\/www.07000.no\/samnanger\/?s\">\n                        <img decoding=\"async\" src=\"https:\/\/www.07000.no\/samnanger\/wp-content\/themes\/nullsjutusen\/assets\/images\/icon_search.svg\" width=\"16\" \/>\n                        S\u00f8k etter artikler\n                    <\/a>    \n                <\/li>\n                                <li class=\"iconcontactpage\">\n                    <a href=\"https:\/\/www.07000.no\/samnanger\/kontakt-oss\/\">\n                        <img decoding=\"async\" src=\"https:\/\/www.07000.no\/samnanger\/wp-content\/themes\/nullsjutusen\/assets\/images\/icon_person.svg\" width=\"16\" \/>\n                        Annen kontaktinfo\n                    <\/a>\n                <\/li>\n                            <\/ul>\n        <\/div>\n    <\/div>\n<\/div><\/div>\n<\/div>\n\n\n\n<div style=\"height:20px\" aria-hidden=\"true\" class=\"wp-block-spacer\"><\/div>\n\n\n<div class=\"faqwrapper\" data-equalizer-watch>\n    <div class=\"grid-x align-top\">\n        <div class=\"header small-12\">\n            <h4>Vanlige sp\u00f8rsm\u00e5l<\/h4>\n        <\/div>\n        \n                                        <div class=\"small-12\">\n                    <h5 onClick=\"jQuery(this).next('.faqexcerpt').toggle('500');jQuery(this).children('.rsaquo').toggleClass('rotate')\"><span class=\"header\">Hva er fremkj\u00f8ringstakst (hentetakst)?<\/span><\/h5>\n                    <div class=\"faqexcerpt\">Dette er prisen du betaler for at en taxi henter deg p\u00e5 din adresse. Fremkj\u00f8ringstakst fremg\u00e5r av gjeldende taksttabell for ditt taxiselskap. MERK: I byene Bergen, Kristiansand, Sandnes\/Stavanger og Arendal\/Grimstad betaler du ikke fremkj\u00f8ringstakst. Der henter vi deg der du \u00f8nsker &#8211; til samme pris som taxi fra holdeplass!&#8230; <a href=\"https:\/\/www.07000.no\/samnanger\/aktuelt\/faq\/\">Les mer<\/a><\/div>\n                <\/div>\n                            <div class=\"small-12\">\n                    <h5 onClick=\"jQuery(this).next('.faqexcerpt').toggle('500');jQuery(this).children('.rsaquo').toggleClass('rotate')\"><span class=\"header\">Hva gj\u00f8r jeg om jeg glemmer noe i en taxi?<\/span><\/h5>\n                    <div class=\"faqexcerpt\">Eiendeler som er gjenglemt i en av v\u00e5re biler, blir normalt levert til politiets hittegodskontor ved f\u00f8rste passende anledning.\u00a0 Hvis du vet hvilken bil du har kj\u00f8rt med, kan vi s\u00e5 langt mulig ogs\u00e5 pr\u00f8ve \u00e5 sjekke direkte med sj\u00e5f\u00f8r&#8230; <a href=\"https:\/\/www.07000.no\/samnanger\/aktuelt\/faq\/\">Les mer<\/a><\/div>\n                <\/div>\n                            <div class=\"small-12\">\n                    <h5 onClick=\"jQuery(this).next('.faqexcerpt').toggle('500');jQuery(this).children('.rsaquo').toggleClass('rotate')\"><span class=\"header\">Hvordan blir jeg taxisj\u00e5f\u00f8r?<\/span><\/h5>\n                    <div class=\"faqexcerpt\">For \u00e5 bli sj\u00e5f\u00f8r i 07000 Taxi kreves det at du har gjennomg\u00e5tt sj\u00e5f\u00f8roppl\u00e6ring for aktuelt omr\u00e5de. Dette g\u00e5r normalt flere ganger i l\u00f8pet av \u00e5ret. I tillegg m\u00e5 du ha en vandelsattest fra politiet og v\u00e6re fylt 20 \u00e5r. &#8230; <a href=\"https:\/\/www.07000.no\/samnanger\/aktuelt\/faq\/\">Les mer<\/a><\/div>\n                <\/div>\n                            <div class=\"morelink small-12 align-self-bottom\">\n            <a href=\"https:\/\/www.07000.no\/samnanger\/aktuelt\/faq\/\">\n                Alle sp\u00f8rsm\u00e5l\n            <\/a>\n        <\/div>\n    <\/div>\n<\/div>\n\n\n<p>   <\/p>\n\n\n\n<p class=\"has-text-align-center\"><strong><a href=\"https:\/\/bt-bookingterminal.itf-as.com\/Login\">07000 BOOKINGTERMINAL &#8211; NETTBESTILLING FOR BEDRIFTER<\/a><\/strong><\/p>\n","protected":false},"excerpt":{"rendered":"<p>07000 BOOKINGTERMINAL &#8211; NETTBESTILLING FOR BEDRIFTER<\/p>\n","protected":false},"author":3,"featured_media":197,"parent":0,"menu_order":0,"comment_status":"closed","ping_status":"closed","template":"","meta":{"_acf_changed":false,"footnotes":""},"class_list":["post-4","page","type-page","status-publish","has-post-thumbnail","hentry"],"acf":[],"yoast_head":"<!-- This site is optimized with the Yoast SEO plugin v27.4 - https:\/\/yoast.com\/product\/yoast-seo-wordpress\/ -->\n<title>07000 Samnanger Taxi - Bestill taxi p\u00e5 nett eller i app | Samnanger<\/title>\n<meta name=\"description\" content=\"Bestille taxi n\u00e5 eller forh\u00e5ndsbestille taxi til senere? Samnanger Taxi gj\u00f8r det lett \u00e5 bestille taxi p\u00e5 telefon 07000, p\u00e5 nett eller i app!\" \/>\n<meta name=\"robots\" content=\"index, follow, max-snippet:-1, max-image-preview:large, max-video-preview:-1\" \/>\n<link rel=\"canonical\" href=\"https:\/\/www.07000.no\/samnanger\/\" \/>\n<meta property=\"og:locale\" content=\"nb_NO\" \/>\n<meta property=\"og:type\" content=\"article\" \/>\n<meta property=\"og:title\" content=\"07000 Samnanger Taxi - Bestill taxi p\u00e5 nett eller i app | Samnanger\" \/>\n<meta property=\"og:description\" content=\"Bestille taxi n\u00e5 eller forh\u00e5ndsbestille taxi til senere? Samnanger Taxi gj\u00f8r det lett \u00e5 bestille taxi p\u00e5 telefon 07000, p\u00e5 nett eller i app!\" \/>\n<meta property=\"og:url\" content=\"https:\/\/www.07000.no\/samnanger\/\" \/>\n<meta property=\"og:site_name\" content=\"Samnanger Taxi\" \/>\n<meta property=\"article:modified_time\" content=\"2024-09-03T11:09:42+00:00\" \/>\n<meta property=\"og:image\" content=\"https:\/\/www.07000.no\/samnanger\/wp-content\/uploads\/sites\/21\/2020\/02\/hardanger-toppbilde.jpg\" \/>\n\t<meta property=\"og:image:width\" content=\"1100\" \/>\n\t<meta property=\"og:image:height\" content=\"725\" \/>\n\t<meta property=\"og:image:type\" content=\"image\/jpeg\" \/>\n<meta name=\"twitter:card\" content=\"summary_large_image\" \/>\n<meta name=\"twitter:label1\" content=\"Ansl. lesetid\" \/>\n\t<meta name=\"twitter:data1\" content=\"1 minutt\" \/>\n<script type=\"application\/ld+json\" class=\"yoast-schema-graph\">{\"@context\":\"https:\\\/\\\/schema.org\",\"@graph\":[{\"@type\":\"WebPage\",\"@id\":\"https:\\\/\\\/www.07000.no\\\/samnanger\\\/\",\"url\":\"https:\\\/\\\/www.07000.no\\\/samnanger\\\/\",\"name\":\"07000 Samnanger Taxi - Bestill taxi p\u00e5 nett eller i app | Samnanger\",\"isPartOf\":{\"@id\":\"https:\\\/\\\/www.07000.no\\\/samnanger\\\/#website\"},\"primaryImageOfPage\":{\"@id\":\"https:\\\/\\\/www.07000.no\\\/samnanger\\\/#primaryimage\"},\"image\":{\"@id\":\"https:\\\/\\\/www.07000.no\\\/samnanger\\\/#primaryimage\"},\"thumbnailUrl\":\"https:\\\/\\\/www.07000.no\\\/samnanger\\\/wp-content\\\/uploads\\\/sites\\\/21\\\/2024\\\/09\\\/Samnanger-forside-cropped-xl.jpg\",\"datePublished\":\"2020-02-17T10:33:49+00:00\",\"dateModified\":\"2024-09-03T11:09:42+00:00\",\"description\":\"Bestille taxi n\u00e5 eller forh\u00e5ndsbestille taxi til senere? Samnanger Taxi gj\u00f8r det lett \u00e5 bestille taxi p\u00e5 telefon 07000, p\u00e5 nett eller i app!\",\"breadcrumb\":{\"@id\":\"https:\\\/\\\/www.07000.no\\\/samnanger\\\/#breadcrumb\"},\"inLanguage\":\"nb-NO\",\"potentialAction\":[{\"@type\":\"ReadAction\",\"target\":[\"https:\\\/\\\/www.07000.no\\\/samnanger\\\/\"]}]},{\"@type\":\"ImageObject\",\"inLanguage\":\"nb-NO\",\"@id\":\"https:\\\/\\\/www.07000.no\\\/samnanger\\\/#primaryimage\",\"url\":\"https:\\\/\\\/www.07000.no\\\/samnanger\\\/wp-content\\\/uploads\\\/sites\\\/21\\\/2024\\\/09\\\/Samnanger-forside-cropped-xl.jpg\",\"contentUrl\":\"https:\\\/\\\/www.07000.no\\\/samnanger\\\/wp-content\\\/uploads\\\/sites\\\/21\\\/2024\\\/09\\\/Samnanger-forside-cropped-xl.jpg\",\"width\":1200,\"height\":790},{\"@type\":\"BreadcrumbList\",\"@id\":\"https:\\\/\\\/www.07000.no\\\/samnanger\\\/#breadcrumb\",\"itemListElement\":[{\"@type\":\"ListItem\",\"position\":1,\"name\":\"Hjem\",\"item\":\"https:\\\/\\\/www.07000.no\\\/samnanger\\\/\"},{\"@type\":\"ListItem\",\"position\":2,\"name\":\"Velkommen til 07000 Samnanger Taxi\"}]},{\"@type\":\"WebSite\",\"@id\":\"https:\\\/\\\/www.07000.no\\\/samnanger\\\/#website\",\"url\":\"https:\\\/\\\/www.07000.no\\\/samnanger\\\/\",\"name\":\"Samnanger Taxi\",\"description\":\"Bestill taxi p\u00e5 nett eller i app!\",\"potentialAction\":[{\"@type\":\"SearchAction\",\"target\":{\"@type\":\"EntryPoint\",\"urlTemplate\":\"https:\\\/\\\/www.07000.no\\\/samnanger\\\/?s={search_term_string}\"},\"query-input\":{\"@type\":\"PropertyValueSpecification\",\"valueRequired\":true,\"valueName\":\"search_term_string\"}}],\"inLanguage\":\"nb-NO\"}]}<\/script>\n<!-- \/ Yoast SEO plugin. -->","yoast_head_json":{"title":"07000 Samnanger Taxi - Bestill taxi p\u00e5 nett eller i app | Samnanger","description":"Bestille taxi n\u00e5 eller forh\u00e5ndsbestille taxi til senere? Samnanger Taxi gj\u00f8r det lett \u00e5 bestille taxi p\u00e5 telefon 07000, p\u00e5 nett eller i app!","robots":{"index":"index","follow":"follow","max-snippet":"max-snippet:-1","max-image-preview":"max-image-preview:large","max-video-preview":"max-video-preview:-1"},"canonical":"https:\/\/www.07000.no\/samnanger\/","og_locale":"nb_NO","og_type":"article","og_title":"07000 Samnanger Taxi - Bestill taxi p\u00e5 nett eller i app | Samnanger","og_description":"Bestille taxi n\u00e5 eller forh\u00e5ndsbestille taxi til senere? Samnanger Taxi gj\u00f8r det lett \u00e5 bestille taxi p\u00e5 telefon 07000, p\u00e5 nett eller i app!","og_url":"https:\/\/www.07000.no\/samnanger\/","og_site_name":"Samnanger Taxi","article_modified_time":"2024-09-03T11:09:42+00:00","og_image":[{"width":1100,"height":725,"url":"https:\/\/www.07000.no\/samnanger\/wp-content\/uploads\/sites\/21\/2020\/02\/hardanger-toppbilde.jpg","type":"image\/jpeg"}],"twitter_card":"summary_large_image","twitter_misc":{"Ansl. lesetid":"1 minutt"},"schema":{"@context":"https:\/\/schema.org","@graph":[{"@type":"WebPage","@id":"https:\/\/www.07000.no\/samnanger\/","url":"https:\/\/www.07000.no\/samnanger\/","name":"07000 Samnanger Taxi - Bestill taxi p\u00e5 nett eller i app | Samnanger","isPartOf":{"@id":"https:\/\/www.07000.no\/samnanger\/#website"},"primaryImageOfPage":{"@id":"https:\/\/www.07000.no\/samnanger\/#primaryimage"},"image":{"@id":"https:\/\/www.07000.no\/samnanger\/#primaryimage"},"thumbnailUrl":"https:\/\/www.07000.no\/samnanger\/wp-content\/uploads\/sites\/21\/2024\/09\/Samnanger-forside-cropped-xl.jpg","datePublished":"2020-02-17T10:33:49+00:00","dateModified":"2024-09-03T11:09:42+00:00","description":"Bestille taxi n\u00e5 eller forh\u00e5ndsbestille taxi til senere? Samnanger Taxi gj\u00f8r det lett \u00e5 bestille taxi p\u00e5 telefon 07000, p\u00e5 nett eller i app!","breadcrumb":{"@id":"https:\/\/www.07000.no\/samnanger\/#breadcrumb"},"inLanguage":"nb-NO","potentialAction":[{"@type":"ReadAction","target":["https:\/\/www.07000.no\/samnanger\/"]}]},{"@type":"ImageObject","inLanguage":"nb-NO","@id":"https:\/\/www.07000.no\/samnanger\/#primaryimage","url":"https:\/\/www.07000.no\/samnanger\/wp-content\/uploads\/sites\/21\/2024\/09\/Samnanger-forside-cropped-xl.jpg","contentUrl":"https:\/\/www.07000.no\/samnanger\/wp-content\/uploads\/sites\/21\/2024\/09\/Samnanger-forside-cropped-xl.jpg","width":1200,"height":790},{"@type":"BreadcrumbList","@id":"https:\/\/www.07000.no\/samnanger\/#breadcrumb","itemListElement":[{"@type":"ListItem","position":1,"name":"Hjem","item":"https:\/\/www.07000.no\/samnanger\/"},{"@type":"ListItem","position":2,"name":"Velkommen til 07000 Samnanger Taxi"}]},{"@type":"WebSite","@id":"https:\/\/www.07000.no\/samnanger\/#website","url":"https:\/\/www.07000.no\/samnanger\/","name":"Samnanger Taxi","description":"Bestill taxi p\u00e5 nett eller i app!","potentialAction":[{"@type":"SearchAction","target":{"@type":"EntryPoint","urlTemplate":"https:\/\/www.07000.no\/samnanger\/?s={search_term_string}"},"query-input":{"@type":"PropertyValueSpecification","valueRequired":true,"valueName":"search_term_string"}}],"inLanguage":"nb-NO"}]}},"_links":{"self":[{"href":"https:\/\/www.07000.no\/samnanger\/wp-json\/wp\/v2\/pages\/4","targetHints":{"allow":["GET"]}}],"collection":[{"href":"https:\/\/www.07000.no\/samnanger\/wp-json\/wp\/v2\/pages"}],"about":[{"href":"https:\/\/www.07000.no\/samnanger\/wp-json\/wp\/v2\/types\/page"}],"author":[{"embeddable":true,"href":"https:\/\/www.07000.no\/samnanger\/wp-json\/wp\/v2\/users\/3"}],"replies":[{"embeddable":true,"href":"https:\/\/www.07000.no\/samnanger\/wp-json\/wp\/v2\/comments?post=4"}],"version-history":[{"count":19,"href":"https:\/\/www.07000.no\/samnanger\/wp-json\/wp\/v2\/pages\/4\/revisions"}],"predecessor-version":[{"id":198,"href":"https:\/\/www.07000.no\/samnanger\/wp-json\/wp\/v2\/pages\/4\/revisions\/198"}],"wp:featuredmedia":[{"embeddable":true,"href":"https:\/\/www.07000.no\/samnanger\/wp-json\/wp\/v2\/media\/197"}],"wp:attachment":[{"href":"https:\/\/www.07000.no\/samnanger\/wp-json\/wp\/v2\/media?parent=4"}],"curies":[{"name":"wp","href":"https:\/\/api.w.org\/{rel}","templated":true}]}}