{"id":30,"date":"2020-02-17T14:43:09","date_gmt":"2020-02-17T13:43:09","guid":{"rendered":"https:\/\/www.07000.no\/stavanger\/?page_id=30"},"modified":"2025-08-05T13:56:00","modified_gmt":"2025-08-05T11:56:00","slug":"taxiappen-07000-taxi","status":"publish","type":"page","link":"https:\/\/www.07000.no\/stavanger\/kundeservice\/taxiappen-07000-taxi\/","title":{"rendered":"Taxiappen 07000"},"content":{"rendered":"\n<p><strong>Med&nbsp;<\/strong><strong>v\u00e5r innholdsrike iPhone\/Android app kan du blant annet:<\/strong><\/p>\n\n\n<div class=\"wp-block-image\">\n<figure class=\"alignleft size-large is-resized\"><img decoding=\"async\" src=\"https:\/\/www.sandnestaxi.no\/wp-content\/uploads\/sites\/3\/2020\/01\/App-betaling-skjerm.png\" alt=\"skjermbilde fra appen\" class=\"wp-image-22\" style=\"width:217px;height:406px\" \/><\/figure>\n<\/div>\n\n\n<ul class=\"wp-block-list\">\n<li>Bestille til &laquo;her og n\u00e5&raquo; med ett trykk! (basert p\u00e5 GPS posisjon)&nbsp;<\/li>\n\n\n\n<li>Direkte- og forh\u00e5ndsbestille<\/li>\n\n\n\n<li>Bestille til faste henteadresser (favoritter)<\/li>\n\n\n\n<li>F\u00e5 garantert makspris&nbsp;p\u00e5 forh\u00e5nd (oppgis automatisk ved til-adresse)<\/li>\n\n\n\n<li>F\u00f8lge din bil p\u00e5 kartet<\/li>\n\n\n\n<li>Betale automatisk&nbsp;i appen &#8211; uten \u00e5 ta frem kortet<\/li>\n\n\n\n<li>Motta kvitteringer elektronisk<\/li>\n\n\n\n<li>F\u00e5 oversikt over aktive bestillinger &amp; utf\u00f8rte reiser<\/li>\n\n\n\n<li>Bestille direkte fra smartklokke (Apple Watch \/ Android Wear)<\/li>\n<\/ul>\n\n\n\n<p><strong><a href=\"https:\/\/delivr.com\/1byci\">Klikk her for \u00e5 l\u00e6re mer og laste ned 07000-appen&nbsp;<\/a><\/strong><br><br>Vil du heller snakke med noen p\u00e5 v\u00e5rt d\u00f8gn\u00e5pne kundesenter?<br><a href=\"https:\/\/www.sandnestaxi.no\/kundeservice\/bestillingslosninger\/\">Les mer om v\u00e5re andre bestillingsl\u00f8sninger her.<\/a><\/p>\n\n\n\n<p><em>App med registrert kort &#8211; klar for bestilling og betaling med ett trykk!<\/em><\/p>\n\n\n\n<p><\/p>\n","protected":false},"excerpt":{"rendered":"<p>Med&nbsp;v\u00e5r innholdsrike iPhone\/Android app kan du blant annet: Klikk her for \u00e5 l\u00e6re mer og laste ned 07000-appen&nbsp; Vil du heller snakke med noen p\u00e5 v\u00e5rt d\u00f8gn\u00e5pne kundesenter?Les mer om v\u00e5re andre bestillingsl\u00f8sninger her. App med registrert kort &#8211; klar for bestilling og betaling med ett trykk!<\/p>\n","protected":false},"author":3,"featured_media":0,"parent":23,"menu_order":0,"comment_status":"closed","ping_status":"closed","template":"","meta":{"_acf_changed":false,"footnotes":""},"class_list":["post-30","page","type-page","status-publish","hentry"],"acf":[],"yoast_head":"<!-- This site is optimized with the Yoast SEO plugin v27.3 - https:\/\/yoast.com\/product\/yoast-seo-wordpress\/ -->\n<title>Taxiappen 07000 - Stavanger<\/title>\n<meta name=\"robots\" content=\"index, follow, max-snippet:-1, max-image-preview:large, max-video-preview:-1\" \/>\n<link rel=\"canonical\" href=\"https:\/\/www.07000.no\/stavanger\/kundeservice\/taxiappen-07000-taxi\/\" \/>\n<meta property=\"og:locale\" content=\"nb_NO\" \/>\n<meta property=\"og:type\" content=\"article\" \/>\n<meta property=\"og:title\" content=\"Taxiappen 07000 - Stavanger\" \/>\n<meta property=\"og:description\" content=\"Med&nbsp;v\u00e5r innholdsrike iPhone\/Android app kan du blant annet: Klikk her for \u00e5 l\u00e6re mer og laste ned 07000-appen&nbsp; Vil du heller snakke med noen p\u00e5 v\u00e5rt d\u00f8gn\u00e5pne kundesenter?Les mer om v\u00e5re andre bestillingsl\u00f8sninger her. App med registrert kort &#8211; klar for bestilling og betaling med ett trykk!\" \/>\n<meta property=\"og:url\" content=\"https:\/\/www.07000.no\/stavanger\/kundeservice\/taxiappen-07000-taxi\/\" \/>\n<meta property=\"og:site_name\" content=\"Stavanger\" \/>\n<meta property=\"article:modified_time\" content=\"2025-08-05T11:56:00+00:00\" \/>\n<meta name=\"twitter:card\" content=\"summary_large_image\" \/>\n<meta name=\"twitter:label1\" content=\"Ansl. lesetid\" \/>\n\t<meta name=\"twitter:data1\" content=\"1 minutt\" \/>\n<script type=\"application\/ld+json\" class=\"yoast-schema-graph\">{\"@context\":\"https:\\\/\\\/schema.org\",\"@graph\":[{\"@type\":\"WebPage\",\"@id\":\"https:\\\/\\\/www.07000.no\\\/stavanger\\\/kundeservice\\\/taxiappen-07000-taxi\\\/\",\"url\":\"https:\\\/\\\/www.07000.no\\\/stavanger\\\/kundeservice\\\/taxiappen-07000-taxi\\\/\",\"name\":\"Taxiappen 07000 - Stavanger\",\"isPartOf\":{\"@id\":\"https:\\\/\\\/www.07000.no\\\/stavanger\\\/#website\"},\"primaryImageOfPage\":{\"@id\":\"https:\\\/\\\/www.07000.no\\\/stavanger\\\/kundeservice\\\/taxiappen-07000-taxi\\\/#primaryimage\"},\"image\":{\"@id\":\"https:\\\/\\\/www.07000.no\\\/stavanger\\\/kundeservice\\\/taxiappen-07000-taxi\\\/#primaryimage\"},\"thumbnailUrl\":\"https:\\\/\\\/www.sandnestaxi.no\\\/wp-content\\\/uploads\\\/sites\\\/3\\\/2020\\\/01\\\/App-betaling-skjerm.png\",\"datePublished\":\"2020-02-17T13:43:09+00:00\",\"dateModified\":\"2025-08-05T11:56:00+00:00\",\"breadcrumb\":{\"@id\":\"https:\\\/\\\/www.07000.no\\\/stavanger\\\/kundeservice\\\/taxiappen-07000-taxi\\\/#breadcrumb\"},\"inLanguage\":\"nb-NO\",\"potentialAction\":[{\"@type\":\"ReadAction\",\"target\":[\"https:\\\/\\\/www.07000.no\\\/stavanger\\\/kundeservice\\\/taxiappen-07000-taxi\\\/\"]}]},{\"@type\":\"ImageObject\",\"inLanguage\":\"nb-NO\",\"@id\":\"https:\\\/\\\/www.07000.no\\\/stavanger\\\/kundeservice\\\/taxiappen-07000-taxi\\\/#primaryimage\",\"url\":\"https:\\\/\\\/www.sandnestaxi.no\\\/wp-content\\\/uploads\\\/sites\\\/3\\\/2020\\\/01\\\/App-betaling-skjerm.png\",\"contentUrl\":\"https:\\\/\\\/www.sandnestaxi.no\\\/wp-content\\\/uploads\\\/sites\\\/3\\\/2020\\\/01\\\/App-betaling-skjerm.png\"},{\"@type\":\"BreadcrumbList\",\"@id\":\"https:\\\/\\\/www.07000.no\\\/stavanger\\\/kundeservice\\\/taxiappen-07000-taxi\\\/#breadcrumb\",\"itemListElement\":[{\"@type\":\"ListItem\",\"position\":1,\"name\":\"Hjem\",\"item\":\"https:\\\/\\\/www.07000.no\\\/stavanger\\\/\"},{\"@type\":\"ListItem\",\"position\":2,\"name\":\"Kundeservice\",\"item\":\"https:\\\/\\\/www.07000.no\\\/stavanger\\\/kundeservice\\\/\"},{\"@type\":\"ListItem\",\"position\":3,\"name\":\"Taxiappen 07000\"}]},{\"@type\":\"WebSite\",\"@id\":\"https:\\\/\\\/www.07000.no\\\/stavanger\\\/#website\",\"url\":\"https:\\\/\\\/www.07000.no\\\/stavanger\\\/\",\"name\":\"Stavanger\",\"description\":\"Bestill taxi p\u00e5 nett eller i app!\",\"potentialAction\":[{\"@type\":\"SearchAction\",\"target\":{\"@type\":\"EntryPoint\",\"urlTemplate\":\"https:\\\/\\\/www.07000.no\\\/stavanger\\\/?s={search_term_string}\"},\"query-input\":{\"@type\":\"PropertyValueSpecification\",\"valueRequired\":true,\"valueName\":\"search_term_string\"}}],\"inLanguage\":\"nb-NO\"}]}<\/script>\n<!-- \/ Yoast SEO plugin. -->","yoast_head_json":{"title":"Taxiappen 07000 - Stavanger","robots":{"index":"index","follow":"follow","max-snippet":"max-snippet:-1","max-image-preview":"max-image-preview:large","max-video-preview":"max-video-preview:-1"},"canonical":"https:\/\/www.07000.no\/stavanger\/kundeservice\/taxiappen-07000-taxi\/","og_locale":"nb_NO","og_type":"article","og_title":"Taxiappen 07000 - Stavanger","og_description":"Med&nbsp;v\u00e5r innholdsrike iPhone\/Android app kan du blant annet: Klikk her for \u00e5 l\u00e6re mer og laste ned 07000-appen&nbsp; Vil du heller snakke med noen p\u00e5 v\u00e5rt d\u00f8gn\u00e5pne kundesenter?Les mer om v\u00e5re andre bestillingsl\u00f8sninger her. App med registrert kort &#8211; klar for bestilling og betaling med ett trykk!","og_url":"https:\/\/www.07000.no\/stavanger\/kundeservice\/taxiappen-07000-taxi\/","og_site_name":"Stavanger","article_modified_time":"2025-08-05T11:56:00+00:00","twitter_card":"summary_large_image","twitter_misc":{"Ansl. lesetid":"1 minutt"},"schema":{"@context":"https:\/\/schema.org","@graph":[{"@type":"WebPage","@id":"https:\/\/www.07000.no\/stavanger\/kundeservice\/taxiappen-07000-taxi\/","url":"https:\/\/www.07000.no\/stavanger\/kundeservice\/taxiappen-07000-taxi\/","name":"Taxiappen 07000 - Stavanger","isPartOf":{"@id":"https:\/\/www.07000.no\/stavanger\/#website"},"primaryImageOfPage":{"@id":"https:\/\/www.07000.no\/stavanger\/kundeservice\/taxiappen-07000-taxi\/#primaryimage"},"image":{"@id":"https:\/\/www.07000.no\/stavanger\/kundeservice\/taxiappen-07000-taxi\/#primaryimage"},"thumbnailUrl":"https:\/\/www.sandnestaxi.no\/wp-content\/uploads\/sites\/3\/2020\/01\/App-betaling-skjerm.png","datePublished":"2020-02-17T13:43:09+00:00","dateModified":"2025-08-05T11:56:00+00:00","breadcrumb":{"@id":"https:\/\/www.07000.no\/stavanger\/kundeservice\/taxiappen-07000-taxi\/#breadcrumb"},"inLanguage":"nb-NO","potentialAction":[{"@type":"ReadAction","target":["https:\/\/www.07000.no\/stavanger\/kundeservice\/taxiappen-07000-taxi\/"]}]},{"@type":"ImageObject","inLanguage":"nb-NO","@id":"https:\/\/www.07000.no\/stavanger\/kundeservice\/taxiappen-07000-taxi\/#primaryimage","url":"https:\/\/www.sandnestaxi.no\/wp-content\/uploads\/sites\/3\/2020\/01\/App-betaling-skjerm.png","contentUrl":"https:\/\/www.sandnestaxi.no\/wp-content\/uploads\/sites\/3\/2020\/01\/App-betaling-skjerm.png"},{"@type":"BreadcrumbList","@id":"https:\/\/www.07000.no\/stavanger\/kundeservice\/taxiappen-07000-taxi\/#breadcrumb","itemListElement":[{"@type":"ListItem","position":1,"name":"Hjem","item":"https:\/\/www.07000.no\/stavanger\/"},{"@type":"ListItem","position":2,"name":"Kundeservice","item":"https:\/\/www.07000.no\/stavanger\/kundeservice\/"},{"@type":"ListItem","position":3,"name":"Taxiappen 07000"}]},{"@type":"WebSite","@id":"https:\/\/www.07000.no\/stavanger\/#website","url":"https:\/\/www.07000.no\/stavanger\/","name":"Stavanger","description":"Bestill taxi p\u00e5 nett eller i app!","potentialAction":[{"@type":"SearchAction","target":{"@type":"EntryPoint","urlTemplate":"https:\/\/www.07000.no\/stavanger\/?s={search_term_string}"},"query-input":{"@type":"PropertyValueSpecification","valueRequired":true,"valueName":"search_term_string"}}],"inLanguage":"nb-NO"}]}},"_links":{"self":[{"href":"https:\/\/www.07000.no\/stavanger\/wp-json\/wp\/v2\/pages\/30","targetHints":{"allow":["GET"]}}],"collection":[{"href":"https:\/\/www.07000.no\/stavanger\/wp-json\/wp\/v2\/pages"}],"about":[{"href":"https:\/\/www.07000.no\/stavanger\/wp-json\/wp\/v2\/types\/page"}],"author":[{"embeddable":true,"href":"https:\/\/www.07000.no\/stavanger\/wp-json\/wp\/v2\/users\/3"}],"replies":[{"embeddable":true,"href":"https:\/\/www.07000.no\/stavanger\/wp-json\/wp\/v2\/comments?post=30"}],"version-history":[{"count":5,"href":"https:\/\/www.07000.no\/stavanger\/wp-json\/wp\/v2\/pages\/30\/revisions"}],"predecessor-version":[{"id":1026,"href":"https:\/\/www.07000.no\/stavanger\/wp-json\/wp\/v2\/pages\/30\/revisions\/1026"}],"up":[{"embeddable":true,"href":"https:\/\/www.07000.no\/stavanger\/wp-json\/wp\/v2\/pages\/23"}],"wp:attachment":[{"href":"https:\/\/www.07000.no\/stavanger\/wp-json\/wp\/v2\/media?parent=30"}],"curies":[{"name":"wp","href":"https:\/\/api.w.org\/{rel}","templated":true}]}}