{"id":888,"date":"2024-03-26T15:32:46","date_gmt":"2024-03-26T14:32:46","guid":{"rendered":"https:\/\/www.07000.no\/stavanger\/?page_id=888"},"modified":"2026-01-13T15:20:09","modified_gmt":"2026-01-13T14:20:09","slug":"fakturaavtale","status":"publish","type":"page","link":"https:\/\/www.07000.no\/stavanger\/07000-for-bedrifter\/fakturaavtale\/","title":{"rendered":"Fakturaavtale"},"content":{"rendered":"\n<p>Har din bedrift behov for transportavtale er vi behjelpelige b\u00e5de med kundekort og fellesfakturering.<br>\u00d8nsker din bedrift fakturaavtale med 07000? Bare fyll ut skjema nedenfor, s\u00e5 tar vi kontakt med dere. <\/p>\n\n\n\n<p>Ta ellers gjerne kontakt for med v\u00e5rt kundesenter for mer informasjon: Tlf.&nbsp;<a>51 66 16 00<\/a>, epost:&nbsp;<a href=\"mailto:book@sandnestaxi.no\">book@sandnestaxi.no<\/a>.<\/p>\n\n\n\n<h2 class=\"wp-block-heading\">Kontaktskjema \u2013 fakturaavtale med 07000:<\/h2>\n\n\n\n<p><strong>Ja takk<\/strong>, vi vil gjerne vite mer om fakturaavtale med kreditt:<\/p>\n\n\n\n<div class=\"wp-block-contact-form-7-contact-form-selector\">\n<div class=\"wpcf7 no-js\" id=\"wpcf7-f887-o1\" lang=\"nb-NO\" dir=\"ltr\" data-wpcf7-id=\"887\">\n<div class=\"screen-reader-response\"><p role=\"status\" aria-live=\"polite\" aria-atomic=\"true\"><\/p> <ul><\/ul><\/div>\n<form action=\"\/stavanger\/wp-json\/wp\/v2\/pages\/888#wpcf7-f887-o1\" method=\"post\" class=\"wpcf7-form init\" aria-label=\"Kontaktskjema\" novalidate=\"novalidate\" data-status=\"init\">\n<fieldset class=\"hidden-fields-container\"><input type=\"hidden\" name=\"_wpcf7\" value=\"887\" \/><input type=\"hidden\" name=\"_wpcf7_version\" value=\"6.1.5\" \/><input type=\"hidden\" name=\"_wpcf7_locale\" value=\"nb_NO\" \/><input type=\"hidden\" name=\"_wpcf7_unit_tag\" value=\"wpcf7-f887-o1\" \/><input type=\"hidden\" name=\"_wpcf7_container_post\" value=\"0\" \/><input type=\"hidden\" name=\"_wpcf7_posted_data_hash\" value=\"\" \/><input type=\"hidden\" name=\"_wpcf7_recaptcha_response\" value=\"\" \/>\n<\/fieldset>\n<p><label><br \/>\nFirmanavn\/ Company name:<br \/>\n<span class=\"wpcf7-form-control-wrap\" data-name=\"Firmanavn\"><input size=\"40\" maxlength=\"400\" class=\"wpcf7-form-control wpcf7-text wpcf7-validates-as-required\" aria-required=\"true\" aria-invalid=\"false\" value=\"\" type=\"text\" name=\"Firmanavn\" \/><\/span><\/label>\n<\/p>\n<p><label> Organisasjonsnummer \/ VAT number:<br \/>\n<span class=\"wpcf7-form-control-wrap\" data-name=\"Orgnr\"><input class=\"wpcf7-form-control wpcf7-number wpcf7-validates-as-number\" min=\"0\" max=\"999999999\" aria-invalid=\"false\" value=\"\" type=\"number\" name=\"Orgnr\" \/><\/span><\/label>\n<\/p>\n<p><label> Adresse\/Address:<br \/>\n<span class=\"wpcf7-form-control-wrap\" data-name=\"Adresse\"><input size=\"40\" maxlength=\"400\" class=\"wpcf7-form-control wpcf7-text wpcf7-validates-as-required\" aria-required=\"true\" aria-invalid=\"false\" value=\"\" type=\"text\" name=\"Adresse\" \/><\/span><\/label>\n<\/p>\n<p><label> Kontaktperson\/Contact:<br \/>\n<span class=\"wpcf7-form-control-wrap\" data-name=\"your-name\"><input size=\"40\" maxlength=\"400\" class=\"wpcf7-form-control wpcf7-text wpcf7-validates-as-required\" autocomplete=\"name\" aria-required=\"true\" aria-invalid=\"false\" value=\"\" type=\"text\" name=\"your-name\" \/><\/span> <\/label>\n<\/p>\n<p><label> Kontakt E-post\/ Contact E-mail:<br \/>\n<span class=\"wpcf7-form-control-wrap\" data-name=\"your-email\"><input size=\"40\" maxlength=\"400\" class=\"wpcf7-form-control wpcf7-email wpcf7-validates-as-required wpcf7-text wpcf7-validates-as-email\" autocomplete=\"email\" aria-required=\"true\" aria-invalid=\"false\" value=\"\" type=\"email\" name=\"your-email\" \/><\/span> <\/label>\n<\/p>\n<p><label> Telefonnummer \/ Phone number:<br \/>\n<span class=\"wpcf7-form-control-wrap\" data-name=\"Dittnummer\"><input size=\"40\" maxlength=\"400\" class=\"wpcf7-form-control wpcf7-tel wpcf7-validates-as-required wpcf7-text wpcf7-validates-as-tel\" aria-required=\"true\" aria-invalid=\"false\" value=\"\" type=\"tel\" name=\"Dittnummer\" \/><\/span> <\/label>\n<\/p>\n<p><label> Faktura \u00f8nskes per \/ We prefer invoice by:<span class=\"wpcf7-form-control-wrap\" data-name=\"Onsketfakturavei\"><span class=\"wpcf7-form-control wpcf7-checkbox\"><span class=\"wpcf7-list-item first\"><input type=\"checkbox\" name=\"Onsketfakturavei[]\" value=\"EHF\" \/><span class=\"wpcf7-list-item-label\">EHF<\/span><\/span><span class=\"wpcf7-list-item last\"><input type=\"checkbox\" name=\"Onsketfakturavei[]\" value=\"E-mail\" \/><span class=\"wpcf7-list-item-label\">E-mail<\/span><\/span><\/span><\/span> <\/label>\n<\/p>\n<p><label> Vi \u00f8nsker mer info om 07000 bedriftsl\u00f8sninger \/ We would like more info on 07000 Corporate solutions:<br \/>\n<span class=\"wpcf7-form-control-wrap\" data-name=\"checkbox-140\"><span class=\"wpcf7-form-control wpcf7-checkbox\"><span class=\"wpcf7-list-item first\"><label><input type=\"checkbox\" name=\"checkbox-140[]\" value=\"Ja\/Yes\" \/><span class=\"wpcf7-list-item-label\">Ja\/Yes<\/span><\/label><\/span><span class=\"wpcf7-list-item last\"><label><input type=\"checkbox\" name=\"checkbox-140[]\" value=\"Nei\/No\" \/><span class=\"wpcf7-list-item-label\">Nei\/No<\/span><\/label><\/span><\/span><\/span> <\/label>\n<\/p>\n<p><label> Videre info \/ Further comments (F.eks. faktura E-post \/ E.g. invoice E-mail):<br \/>\n<span class=\"wpcf7-form-control-wrap\" data-name=\"your-message\"><textarea cols=\"40\" rows=\"10\" maxlength=\"2000\" class=\"wpcf7-form-control wpcf7-textarea\" aria-invalid=\"false\" name=\"your-message\"><\/textarea><\/span> <\/label>\n<\/p>\n<p><input class=\"wpcf7-form-control wpcf7-submit has-spinner\" type=\"submit\" value=\"Send inn\" \/>\n<\/p><div class=\"wpcf7-response-output\" aria-hidden=\"true\"><\/div>\n<\/form>\n<\/div>\n<\/div>\n\n\n\n<p>Ved \u00e5 sende inn dette skjemaet bekrefter jeg at jeg er innforst\u00e5tt med&nbsp;<a href=\"https:\/\/www.bergentaxi.no\/corporate\/betingelser-for-fakturaavtale\/\">b<\/a><a href=\"https:\/\/www.sandnestaxi.no\/for-bedrifter\/betingelser-for-fakturaavtale\/\">etingelser for kredittavtale<\/a>, og at jeg har rett til \u00e5 s\u00f8ke om kredittavtale p\u00e5 vegne av min bedrift. Foresp\u00f8rsel om fakturaavtale inneb\u00e6rer ingen kj\u00f8psforpliktelse.<\/p>\n\n\n\n<p>Vi forbeholder oss retten til \u00e5 kredittvurdere alle s\u00f8knader og deres s\u00f8knad om kreditt kan avvises uten n\u00e6rmere begrunnelse.<\/p>\n\n\n\n<p>Du kan lese mer om v\u00e5re bedriftsl\u00f8sninger i menyen ovenfor.<br><strong>Vi ser frem til \u00e5 h\u00f8re fra deg!<\/strong><\/p>\n","protected":false},"excerpt":{"rendered":"<p>Har din bedrift behov for transportavtale er vi behjelpelige b\u00e5de med kundekort og fellesfakturering.\u00d8nsker din bedrift fakturaavtale med 07000? Bare fyll ut skjema nedenfor, s\u00e5 tar vi kontakt med dere. Ta ellers gjerne kontakt for med v\u00e5rt kundesenter for mer informasjon: Tlf.&nbsp;51 66 16 00, epost:&nbsp;book@sandnestaxi.no. Kontaktskjema \u2013 fakturaavtale med 07000: Ja takk, vi vil&#8230; <a class=\"readmore\" href=\"https:\/\/www.07000.no\/stavanger\/07000-for-bedrifter\/fakturaavtale\/\"><i>Les mer<\/i><\/a><\/p>\n","protected":false},"author":5,"featured_media":0,"parent":1104,"menu_order":2,"comment_status":"closed","ping_status":"closed","template":"","meta":{"_acf_changed":false,"footnotes":""},"class_list":["post-888","page","type-page","status-publish","hentry"],"acf":[],"yoast_head":"<!-- This site is optimized with the Yoast SEO plugin v27.4 - https:\/\/yoast.com\/product\/yoast-seo-wordpress\/ -->\n<title>Fakturaavtale - Stavanger<\/title>\n<meta name=\"robots\" content=\"index, follow, max-snippet:-1, max-image-preview:large, max-video-preview:-1\" \/>\n<link rel=\"canonical\" href=\"https:\/\/www.07000.no\/stavanger\/07000-for-bedrifter\/fakturaavtale\/\" \/>\n<meta property=\"og:locale\" content=\"nb_NO\" \/>\n<meta property=\"og:type\" content=\"article\" \/>\n<meta property=\"og:title\" content=\"Fakturaavtale - Stavanger\" \/>\n<meta property=\"og:description\" content=\"Har din bedrift behov for transportavtale er vi behjelpelige b\u00e5de med kundekort og fellesfakturering.\u00d8nsker din bedrift fakturaavtale med 07000? Bare fyll ut skjema nedenfor, s\u00e5 tar vi kontakt med dere. Ta ellers gjerne kontakt for med v\u00e5rt kundesenter for mer informasjon: Tlf.&nbsp;51 66 16 00, epost:&nbsp;book@sandnestaxi.no. Kontaktskjema \u2013 fakturaavtale med 07000: Ja takk, vi vil... Les mer\" \/>\n<meta property=\"og:url\" content=\"https:\/\/www.07000.no\/stavanger\/07000-for-bedrifter\/fakturaavtale\/\" \/>\n<meta property=\"og:site_name\" content=\"Stavanger\" \/>\n<meta property=\"article:modified_time\" content=\"2026-01-13T14:20:09+00:00\" \/>\n<meta name=\"twitter:card\" content=\"summary_large_image\" \/>\n<meta name=\"twitter:label1\" content=\"Ansl. lesetid\" \/>\n\t<meta name=\"twitter:data1\" content=\"1 minutt\" \/>\n<script type=\"application\/ld+json\" class=\"yoast-schema-graph\">{\"@context\":\"https:\\\/\\\/schema.org\",\"@graph\":[{\"@type\":\"WebPage\",\"@id\":\"https:\\\/\\\/www.07000.no\\\/stavanger\\\/07000-for-bedrifter\\\/fakturaavtale\\\/\",\"url\":\"https:\\\/\\\/www.07000.no\\\/stavanger\\\/07000-for-bedrifter\\\/fakturaavtale\\\/\",\"name\":\"Fakturaavtale - Stavanger\",\"isPartOf\":{\"@id\":\"https:\\\/\\\/www.07000.no\\\/stavanger\\\/#website\"},\"datePublished\":\"2024-03-26T14:32:46+00:00\",\"dateModified\":\"2026-01-13T14:20:09+00:00\",\"breadcrumb\":{\"@id\":\"https:\\\/\\\/www.07000.no\\\/stavanger\\\/07000-for-bedrifter\\\/fakturaavtale\\\/#breadcrumb\"},\"inLanguage\":\"nb-NO\",\"potentialAction\":[{\"@type\":\"ReadAction\",\"target\":[\"https:\\\/\\\/www.07000.no\\\/stavanger\\\/07000-for-bedrifter\\\/fakturaavtale\\\/\"]}]},{\"@type\":\"BreadcrumbList\",\"@id\":\"https:\\\/\\\/www.07000.no\\\/stavanger\\\/07000-for-bedrifter\\\/fakturaavtale\\\/#breadcrumb\",\"itemListElement\":[{\"@type\":\"ListItem\",\"position\":1,\"name\":\"Hjem\",\"item\":\"https:\\\/\\\/www.07000.no\\\/stavanger\\\/\"},{\"@type\":\"ListItem\",\"position\":2,\"name\":\"07000 for bedrifter\",\"item\":\"https:\\\/\\\/www.07000.no\\\/stavanger\\\/07000-for-bedrifter\\\/\"},{\"@type\":\"ListItem\",\"position\":3,\"name\":\"Fakturaavtale\"}]},{\"@type\":\"WebSite\",\"@id\":\"https:\\\/\\\/www.07000.no\\\/stavanger\\\/#website\",\"url\":\"https:\\\/\\\/www.07000.no\\\/stavanger\\\/\",\"name\":\"Stavanger\",\"description\":\"Bestill taxi p\u00e5 nett eller i app!\",\"potentialAction\":[{\"@type\":\"SearchAction\",\"target\":{\"@type\":\"EntryPoint\",\"urlTemplate\":\"https:\\\/\\\/www.07000.no\\\/stavanger\\\/?s={search_term_string}\"},\"query-input\":{\"@type\":\"PropertyValueSpecification\",\"valueRequired\":true,\"valueName\":\"search_term_string\"}}],\"inLanguage\":\"nb-NO\"}]}<\/script>\n<!-- \/ Yoast SEO plugin. -->","yoast_head_json":{"title":"Fakturaavtale - Stavanger","robots":{"index":"index","follow":"follow","max-snippet":"max-snippet:-1","max-image-preview":"max-image-preview:large","max-video-preview":"max-video-preview:-1"},"canonical":"https:\/\/www.07000.no\/stavanger\/07000-for-bedrifter\/fakturaavtale\/","og_locale":"nb_NO","og_type":"article","og_title":"Fakturaavtale - Stavanger","og_description":"Har din bedrift behov for transportavtale er vi behjelpelige b\u00e5de med kundekort og fellesfakturering.\u00d8nsker din bedrift fakturaavtale med 07000? Bare fyll ut skjema nedenfor, s\u00e5 tar vi kontakt med dere. Ta ellers gjerne kontakt for med v\u00e5rt kundesenter for mer informasjon: Tlf.&nbsp;51 66 16 00, epost:&nbsp;book@sandnestaxi.no. Kontaktskjema \u2013 fakturaavtale med 07000: Ja takk, vi vil... Les mer","og_url":"https:\/\/www.07000.no\/stavanger\/07000-for-bedrifter\/fakturaavtale\/","og_site_name":"Stavanger","article_modified_time":"2026-01-13T14:20:09+00:00","twitter_card":"summary_large_image","twitter_misc":{"Ansl. lesetid":"1 minutt"},"schema":{"@context":"https:\/\/schema.org","@graph":[{"@type":"WebPage","@id":"https:\/\/www.07000.no\/stavanger\/07000-for-bedrifter\/fakturaavtale\/","url":"https:\/\/www.07000.no\/stavanger\/07000-for-bedrifter\/fakturaavtale\/","name":"Fakturaavtale - Stavanger","isPartOf":{"@id":"https:\/\/www.07000.no\/stavanger\/#website"},"datePublished":"2024-03-26T14:32:46+00:00","dateModified":"2026-01-13T14:20:09+00:00","breadcrumb":{"@id":"https:\/\/www.07000.no\/stavanger\/07000-for-bedrifter\/fakturaavtale\/#breadcrumb"},"inLanguage":"nb-NO","potentialAction":[{"@type":"ReadAction","target":["https:\/\/www.07000.no\/stavanger\/07000-for-bedrifter\/fakturaavtale\/"]}]},{"@type":"BreadcrumbList","@id":"https:\/\/www.07000.no\/stavanger\/07000-for-bedrifter\/fakturaavtale\/#breadcrumb","itemListElement":[{"@type":"ListItem","position":1,"name":"Hjem","item":"https:\/\/www.07000.no\/stavanger\/"},{"@type":"ListItem","position":2,"name":"07000 for bedrifter","item":"https:\/\/www.07000.no\/stavanger\/07000-for-bedrifter\/"},{"@type":"ListItem","position":3,"name":"Fakturaavtale"}]},{"@type":"WebSite","@id":"https:\/\/www.07000.no\/stavanger\/#website","url":"https:\/\/www.07000.no\/stavanger\/","name":"Stavanger","description":"Bestill taxi p\u00e5 nett eller i app!","potentialAction":[{"@type":"SearchAction","target":{"@type":"EntryPoint","urlTemplate":"https:\/\/www.07000.no\/stavanger\/?s={search_term_string}"},"query-input":{"@type":"PropertyValueSpecification","valueRequired":true,"valueName":"search_term_string"}}],"inLanguage":"nb-NO"}]}},"_links":{"self":[{"href":"https:\/\/www.07000.no\/stavanger\/wp-json\/wp\/v2\/pages\/888","targetHints":{"allow":["GET"]}}],"collection":[{"href":"https:\/\/www.07000.no\/stavanger\/wp-json\/wp\/v2\/pages"}],"about":[{"href":"https:\/\/www.07000.no\/stavanger\/wp-json\/wp\/v2\/types\/page"}],"author":[{"embeddable":true,"href":"https:\/\/www.07000.no\/stavanger\/wp-json\/wp\/v2\/users\/5"}],"replies":[{"embeddable":true,"href":"https:\/\/www.07000.no\/stavanger\/wp-json\/wp\/v2\/comments?post=888"}],"version-history":[{"count":1,"href":"https:\/\/www.07000.no\/stavanger\/wp-json\/wp\/v2\/pages\/888\/revisions"}],"predecessor-version":[{"id":889,"href":"https:\/\/www.07000.no\/stavanger\/wp-json\/wp\/v2\/pages\/888\/revisions\/889"}],"up":[{"embeddable":true,"href":"https:\/\/www.07000.no\/stavanger\/wp-json\/wp\/v2\/pages\/1104"}],"wp:attachment":[{"href":"https:\/\/www.07000.no\/stavanger\/wp-json\/wp\/v2\/media?parent=888"}],"curies":[{"name":"wp","href":"https:\/\/api.w.org\/{rel}","templated":true}]}}