{"id":892,"date":"2024-03-26T15:34:23","date_gmt":"2024-03-26T14:34:23","guid":{"rendered":"https:\/\/www.07000.no\/stavanger\/?page_id=892"},"modified":"2026-01-13T15:19:04","modified_gmt":"2026-01-13T14:19:04","slug":"vilkar-og-betingelser","status":"publish","type":"page","link":"https:\/\/www.07000.no\/stavanger\/07000-for-bedrifter\/vilkar-og-betingelser\/","title":{"rendered":"Vilk\u00e5r og betingelser"},"content":{"rendered":"\n<p><\/p>\n\n\n\n<ol start=\"1\" class=\"wp-block-list\">\n<li><strong>Generell Informasjon<\/strong><br>07000 Sandnes Taxi tilbyr b\u00e5de ordin\u00e6r taxitransport og planlagte transportoppdrag. Alle oppgitte<br>priser inkluderer merverdiavgift (mva).<br><br><\/li>\n\n\n\n<li><strong>Prisbestemmelser<\/strong><br>Prisene gjelder for persontransport og inkluderer 12 % merverdiavgift. Startpris og takster<br>avhenger av antall passasjerer. Tids- og kilometertakster justeres ved endringer i antall<br>passasjerer. Faste priser kan avtales for gitte strekninger.<br><br><\/li>\n\n\n\n<li><strong>Tillegg<\/strong><br>F\u00f8lgende tillegg kan tilkomme:<br>&#8211; Turavgift: kr 10,-<br>&#8211; Flyplassavgift: kr 16,-<br>&#8211; Rullestoltilegg: kr 120,-<br>&#8211; Ventetid: vederlag etter pris per minutt<br>&#8211; Fergebillett, bompenger utenfor Nord-J\u00e6ren bymilj\u00f8pakke og eventuell parkeringsavgift<br>  belastes kunden<br>&#8211; Overnatting ved lengre oppdrag: vederlag etter statens reiseregulativ<br><br><\/li>\n\n\n\n<li><strong>Spesialoppdrag<\/strong><br>Oppdrag som krever spesielle forberedelser og ekstra serviceytelser prises av kundeservice,<br>normalt med forh\u00e5ndsavtalt fastpris. 15 minutters ventetid er inkludert. Deretter p\u00e5l\u00f8per minuttpris i<br>henhold til v\u00e5re gjeldende priser.<br><br><\/li>\n\n\n\n<li><strong>Kvittering<\/strong><br>Turens totalpris, inkludert eventuelle tillegg, skal fremg\u00e5 av taksameteret og kvitteringen. Kunden<br>skal alltid tilbys kvittering.<br><br><\/li>\n\n\n\n<li><strong>Bestilling og avbestilling<\/strong><br>Bestilling av planlagte oppdrag m\u00e5 gj\u00f8res innen kl. 14:00 dagen f\u00f8r. For helger og helligdager er<br>fristen siste virkedag innen kl. 15:00.<br>Avbestilling mindre enn 2 timer f\u00f8r avreise: 50 % av turprisen.<br>Manglende oppm\u00f8te: 100 % av turprisen.<br><br><\/li>\n\n\n\n<li><strong>Betaling<\/strong><br>Betaling skjer enten direkte i bilen eller via faktura. Ved fakturabetaling tilkommer et<br>administrasjonsgebyr p\u00e5 kr 150,- inkl. mva. Alle priser er gjenstand for \u00e5rlig justering.<br><br><\/li>\n\n\n\n<li><strong>Kontaktinformasjon<\/strong><br>Bestillinger sendes til: <a href=\"mailto:book@sandnestaxi.no\">book@sandnestaxi.no<\/a><br>\u00d8nsker om bedriftsavtale sendes til: <a href=\"mailto:post@sandnestaxi.no\">post@sandnestaxi.no<\/a><\/li>\n<\/ol>\n\n\n\n<p><\/p>\n","protected":false},"excerpt":{"rendered":"","protected":false},"author":5,"featured_media":0,"parent":1104,"menu_order":4,"comment_status":"closed","ping_status":"closed","template":"","meta":{"_acf_changed":false,"footnotes":""},"class_list":["post-892","page","type-page","status-publish","hentry"],"acf":[],"yoast_head":"<!-- This site is optimized with the Yoast SEO plugin v27.4 - https:\/\/yoast.com\/product\/yoast-seo-wordpress\/ -->\n<title>Vilk\u00e5r og betingelser - Stavanger<\/title>\n<meta name=\"robots\" content=\"index, follow, max-snippet:-1, max-image-preview:large, max-video-preview:-1\" \/>\n<link rel=\"canonical\" href=\"https:\/\/www.07000.no\/stavanger\/07000-for-bedrifter\/vilkar-og-betingelser\/\" \/>\n<meta property=\"og:locale\" content=\"nb_NO\" \/>\n<meta property=\"og:type\" content=\"article\" \/>\n<meta property=\"og:title\" content=\"Vilk\u00e5r og betingelser - Stavanger\" \/>\n<meta property=\"og:url\" content=\"https:\/\/www.07000.no\/stavanger\/07000-for-bedrifter\/vilkar-og-betingelser\/\" \/>\n<meta property=\"og:site_name\" content=\"Stavanger\" \/>\n<meta property=\"article:modified_time\" content=\"2026-01-13T14:19:04+00:00\" \/>\n<meta name=\"twitter:card\" content=\"summary_large_image\" \/>\n<meta name=\"twitter:label1\" content=\"Ansl. lesetid\" \/>\n\t<meta name=\"twitter:data1\" content=\"2 minutter\" \/>\n<script type=\"application\/ld+json\" class=\"yoast-schema-graph\">{\"@context\":\"https:\\\/\\\/schema.org\",\"@graph\":[{\"@type\":\"WebPage\",\"@id\":\"https:\\\/\\\/www.07000.no\\\/stavanger\\\/07000-for-bedrifter\\\/vilkar-og-betingelser\\\/\",\"url\":\"https:\\\/\\\/www.07000.no\\\/stavanger\\\/07000-for-bedrifter\\\/vilkar-og-betingelser\\\/\",\"name\":\"Vilk\u00e5r og betingelser - Stavanger\",\"isPartOf\":{\"@id\":\"https:\\\/\\\/www.07000.no\\\/stavanger\\\/#website\"},\"datePublished\":\"2024-03-26T14:34:23+00:00\",\"dateModified\":\"2026-01-13T14:19:04+00:00\",\"breadcrumb\":{\"@id\":\"https:\\\/\\\/www.07000.no\\\/stavanger\\\/07000-for-bedrifter\\\/vilkar-og-betingelser\\\/#breadcrumb\"},\"inLanguage\":\"nb-NO\",\"potentialAction\":[{\"@type\":\"ReadAction\",\"target\":[\"https:\\\/\\\/www.07000.no\\\/stavanger\\\/07000-for-bedrifter\\\/vilkar-og-betingelser\\\/\"]}]},{\"@type\":\"BreadcrumbList\",\"@id\":\"https:\\\/\\\/www.07000.no\\\/stavanger\\\/07000-for-bedrifter\\\/vilkar-og-betingelser\\\/#breadcrumb\",\"itemListElement\":[{\"@type\":\"ListItem\",\"position\":1,\"name\":\"Hjem\",\"item\":\"https:\\\/\\\/www.07000.no\\\/stavanger\\\/\"},{\"@type\":\"ListItem\",\"position\":2,\"name\":\"07000 for bedrifter\",\"item\":\"https:\\\/\\\/www.07000.no\\\/stavanger\\\/07000-for-bedrifter\\\/\"},{\"@type\":\"ListItem\",\"position\":3,\"name\":\"Vilk\u00e5r og betingelser\"}]},{\"@type\":\"WebSite\",\"@id\":\"https:\\\/\\\/www.07000.no\\\/stavanger\\\/#website\",\"url\":\"https:\\\/\\\/www.07000.no\\\/stavanger\\\/\",\"name\":\"Stavanger\",\"description\":\"Bestill taxi p\u00e5 nett eller i app!\",\"potentialAction\":[{\"@type\":\"SearchAction\",\"target\":{\"@type\":\"EntryPoint\",\"urlTemplate\":\"https:\\\/\\\/www.07000.no\\\/stavanger\\\/?s={search_term_string}\"},\"query-input\":{\"@type\":\"PropertyValueSpecification\",\"valueRequired\":true,\"valueName\":\"search_term_string\"}}],\"inLanguage\":\"nb-NO\"}]}<\/script>\n<!-- \/ Yoast SEO plugin. -->","yoast_head_json":{"title":"Vilk\u00e5r og betingelser - Stavanger","robots":{"index":"index","follow":"follow","max-snippet":"max-snippet:-1","max-image-preview":"max-image-preview:large","max-video-preview":"max-video-preview:-1"},"canonical":"https:\/\/www.07000.no\/stavanger\/07000-for-bedrifter\/vilkar-og-betingelser\/","og_locale":"nb_NO","og_type":"article","og_title":"Vilk\u00e5r og betingelser - Stavanger","og_url":"https:\/\/www.07000.no\/stavanger\/07000-for-bedrifter\/vilkar-og-betingelser\/","og_site_name":"Stavanger","article_modified_time":"2026-01-13T14:19:04+00:00","twitter_card":"summary_large_image","twitter_misc":{"Ansl. lesetid":"2 minutter"},"schema":{"@context":"https:\/\/schema.org","@graph":[{"@type":"WebPage","@id":"https:\/\/www.07000.no\/stavanger\/07000-for-bedrifter\/vilkar-og-betingelser\/","url":"https:\/\/www.07000.no\/stavanger\/07000-for-bedrifter\/vilkar-og-betingelser\/","name":"Vilk\u00e5r og betingelser - Stavanger","isPartOf":{"@id":"https:\/\/www.07000.no\/stavanger\/#website"},"datePublished":"2024-03-26T14:34:23+00:00","dateModified":"2026-01-13T14:19:04+00:00","breadcrumb":{"@id":"https:\/\/www.07000.no\/stavanger\/07000-for-bedrifter\/vilkar-og-betingelser\/#breadcrumb"},"inLanguage":"nb-NO","potentialAction":[{"@type":"ReadAction","target":["https:\/\/www.07000.no\/stavanger\/07000-for-bedrifter\/vilkar-og-betingelser\/"]}]},{"@type":"BreadcrumbList","@id":"https:\/\/www.07000.no\/stavanger\/07000-for-bedrifter\/vilkar-og-betingelser\/#breadcrumb","itemListElement":[{"@type":"ListItem","position":1,"name":"Hjem","item":"https:\/\/www.07000.no\/stavanger\/"},{"@type":"ListItem","position":2,"name":"07000 for bedrifter","item":"https:\/\/www.07000.no\/stavanger\/07000-for-bedrifter\/"},{"@type":"ListItem","position":3,"name":"Vilk\u00e5r og betingelser"}]},{"@type":"WebSite","@id":"https:\/\/www.07000.no\/stavanger\/#website","url":"https:\/\/www.07000.no\/stavanger\/","name":"Stavanger","description":"Bestill taxi p\u00e5 nett eller i app!","potentialAction":[{"@type":"SearchAction","target":{"@type":"EntryPoint","urlTemplate":"https:\/\/www.07000.no\/stavanger\/?s={search_term_string}"},"query-input":{"@type":"PropertyValueSpecification","valueRequired":true,"valueName":"search_term_string"}}],"inLanguage":"nb-NO"}]}},"_links":{"self":[{"href":"https:\/\/www.07000.no\/stavanger\/wp-json\/wp\/v2\/pages\/892","targetHints":{"allow":["GET"]}}],"collection":[{"href":"https:\/\/www.07000.no\/stavanger\/wp-json\/wp\/v2\/pages"}],"about":[{"href":"https:\/\/www.07000.no\/stavanger\/wp-json\/wp\/v2\/types\/page"}],"author":[{"embeddable":true,"href":"https:\/\/www.07000.no\/stavanger\/wp-json\/wp\/v2\/users\/5"}],"replies":[{"embeddable":true,"href":"https:\/\/www.07000.no\/stavanger\/wp-json\/wp\/v2\/comments?post=892"}],"version-history":[{"count":2,"href":"https:\/\/www.07000.no\/stavanger\/wp-json\/wp\/v2\/pages\/892\/revisions"}],"predecessor-version":[{"id":1100,"href":"https:\/\/www.07000.no\/stavanger\/wp-json\/wp\/v2\/pages\/892\/revisions\/1100"}],"up":[{"embeddable":true,"href":"https:\/\/www.07000.no\/stavanger\/wp-json\/wp\/v2\/pages\/1104"}],"wp:attachment":[{"href":"https:\/\/www.07000.no\/stavanger\/wp-json\/wp\/v2\/media?parent=892"}],"curies":[{"name":"wp","href":"https:\/\/api.w.org\/{rel}","templated":true}]}}