{"id":384,"date":"2025-04-10T09:49:51","date_gmt":"2025-04-10T07:49:51","guid":{"rendered":"https:\/\/www.07000.no\/sunnhordland\/?page_id=384"},"modified":"2025-04-14T13:43:58","modified_gmt":"2025-04-14T11:43:58","slug":"sjafor","status":"publish","type":"page","link":"https:\/\/www.07000.no\/sunnhordland\/sjafor\/","title":{"rendered":"Me treng deg: bli 07000-sj\u00e5f\u00f8r!"},"content":{"rendered":"\n<div class=\"wp-block-group alignwide\"><div class=\"wp-block-group__inner-container is-layout-flow wp-block-group-is-layout-flow\">\n<p id=\"skjema\"><\/p>\n<\/div><\/div>\n\n\n\n<div class=\"wp-block-contact-form-7-contact-form-selector\">\n<div class=\"wpcf7 no-js\" id=\"wpcf7-f408-o1\" lang=\"nb-NO\" dir=\"ltr\" data-wpcf7-id=\"408\">\n<div class=\"screen-reader-response\"><p role=\"status\" aria-live=\"polite\" aria-atomic=\"true\"><\/p> <ul><\/ul><\/div>\n<form action=\"\/sunnhordland\/wp-json\/wp\/v2\/pages\/384#wpcf7-f408-o1\" method=\"post\" class=\"wpcf7-form init\" aria-label=\"Kontaktskjema\" novalidate=\"novalidate\" data-status=\"init\">\n<fieldset class=\"hidden-fields-container\"><input type=\"hidden\" name=\"_wpcf7\" value=\"408\" \/><input type=\"hidden\" name=\"_wpcf7_version\" value=\"6.1.5\" \/><input type=\"hidden\" name=\"_wpcf7_locale\" value=\"nb_NO\" \/><input type=\"hidden\" name=\"_wpcf7_unit_tag\" value=\"wpcf7-f408-o1\" \/><input type=\"hidden\" name=\"_wpcf7_container_post\" value=\"0\" \/><input type=\"hidden\" name=\"_wpcf7_posted_data_hash\" value=\"\" \/><input type=\"hidden\" name=\"_wpcf7_recaptcha_response\" value=\"\" \/>\n<\/fieldset>\n<p><b>Ja takk, eg vil ha uforpliktande info om \u00e5 bli 07000-sj\u00e5f\u00f8r eller l\u00f8yvehavar i Sunnhordland:<\/b>\n<\/p>\n<p><label> Mitt namn:<br \/>\n<span class=\"wpcf7-form-control-wrap\" data-name=\"your-name\"><input size=\"40\" maxlength=\"400\" class=\"wpcf7-form-control wpcf7-text wpcf7-validates-as-required\" aria-required=\"true\" aria-invalid=\"false\" value=\"\" type=\"text\" name=\"your-name\" \/><\/span> <\/label>\n<\/p>\n<p><label> Min e-post:<br \/>\n<span class=\"wpcf7-form-control-wrap\" data-name=\"your-email\"><input size=\"40\" maxlength=\"400\" class=\"wpcf7-form-control wpcf7-email wpcf7-validates-as-required wpcf7-text wpcf7-validates-as-email\" aria-required=\"true\" aria-invalid=\"false\" value=\"\" type=\"email\" name=\"your-email\" \/><\/span> <\/label>\n<\/p>\n<p><label> Mitt telefonnr:<br \/>\n<span class=\"wpcf7-form-control-wrap\" data-name=\"Mintlf\"><input size=\"40\" maxlength=\"400\" class=\"wpcf7-form-control wpcf7-tel wpcf7-text wpcf7-validates-as-tel\" aria-invalid=\"false\" value=\"\" type=\"tel\" name=\"Mintlf\" \/><\/span> <\/label>\n<\/p>\n<p><label> Eg bor i (kommune):<br \/>\n<span class=\"wpcf7-form-control-wrap\" data-name=\"Omrde\"><select class=\"wpcf7-form-control wpcf7-select\" aria-invalid=\"false\" name=\"Omrde\"><option value=\"Stord\">Stord<\/option><option value=\"B\u00f8mlo\">B\u00f8mlo<\/option><option value=\"Kvinnherad\">Kvinnherad<\/option><option value=\"Fitjar\">Fitjar<\/option><option value=\"Anna omr\u00e5de (skriv nedanfor)\">Anna omr\u00e5de (skriv nedanfor)<\/option><\/select><\/span> <\/label>\n<\/p>\n<p><label> Mitt omr\u00e5de (hvis \"Anna\" er valgt ovanfor):<br \/>\n<span class=\"wpcf7-form-control-wrap\" data-name=\"Omrde2\"><input size=\"40\" maxlength=\"400\" class=\"wpcf7-form-control wpcf7-text\" aria-invalid=\"false\" value=\"\" type=\"text\" name=\"Omrde2\" \/><\/span> <\/label>\n<\/p>\n<p><label> Melding til 07000 (frivilleg):<br \/>\n<span class=\"wpcf7-form-control-wrap\" data-name=\"Meldingtil\"><textarea cols=\"40\" rows=\"10\" maxlength=\"2000\" class=\"wpcf7-form-control wpcf7-textarea\" aria-invalid=\"false\" name=\"Meldingtil\"><\/textarea><\/span> <\/label>\n<\/p>\n<p><input class=\"wpcf7-form-control wpcf7-submit has-spinner\" type=\"submit\" value=\"Send inn\" \/>\n<\/p><div class=\"wpcf7-response-output\" aria-hidden=\"true\"><\/div>\n<\/form>\n<\/div>\n<\/div>\n\n\n\n<p style=\"font-size:18px\">Det \u00e5 senda inn skjemaet er sj\u00f8lvsagt heilt uforpliktande!<\/p>\n\n\n\n<p style=\"font-size:18px\">Du vil bli kontakta av 07000 Sunnhordland for meir info og oppf\u00f8lging. Du kan ogs\u00e5 kontakta oss p\u00e5 <a href=\"mailto:post@sunnhordlandtaxi.no\">post@sunnhordlandtaxi.no<\/a> eller ta kontakt med v\u00e5re folk i ditt omr\u00e5de. <a href=\"https:\/\/www.07000.no\/finn-ditt-taxiselskap\/\">Klikk her <\/a>for \u00e5 sj\u00e5 kvar du finn oss<\/p>\n\n\n\n<p style=\"font-size:18px\">Vi h\u00f8yrest!<\/p>\n\n\n\n<p style=\"font-size:18px\"><\/p>\n\n\n\n<div style=\"height:11px\" aria-hidden=\"true\" class=\"wp-block-spacer\"><\/div>\n\n\n\n<div class=\"wp-block-media-text alignwide is-stacked-on-mobile\" style=\"grid-template-columns:44% auto\"><figure class=\"wp-block-media-text__media\"><img decoding=\"async\" src=\"https:\/\/www.07000.no\/wp-content\/uploads\/2021\/05\/btCL4A0175_opt-1024x682.jpg\" alt=\"\" class=\"wp-image-798 size-full\"\/><\/figure><div class=\"wp-block-media-text__content\">\n<h1 class=\"wp-block-heading\" id=\"hvorfor\"><strong>Kvifor bli 07000-sj\u00e5f\u00f8r?<\/strong><\/h1>\n\n\n\n<p>Nedanfor kan du lesa meir om nokon av fordelane ved \u00e5 bli 07000-sj\u00e5f\u00f8r. Me h\u00f8yrer sj\u00f8lvsagt gjerne fr\u00e5 deg om du vil vita meir!<\/p>\n\n\n\n<div class=\"wp-block-buttons is-layout-flex wp-block-buttons-is-layout-flex\">\n<div class=\"wp-block-button\"><a class=\"wp-block-button__link wp-element-button\" href=\"#skjema\">Gi oss eit ord!<\/a><\/div>\n<\/div>\n<\/div><\/div>\n\n\n\n<div class=\"wp-block-columns is-layout-flex wp-container-core-columns-is-layout-9d6595d7 wp-block-columns-is-layout-flex\">\n<div class=\"wp-block-column is-layout-flow wp-block-column-is-layout-flow\">\n<div class=\"show-for-medium\" id=\"right-block_c4d6926634d092d1385e6531f54009ee\"><\/div>\n<div id=\"taen-block_c4d6926634d092d1385e6531f54009ee\" class=\"cell small-12 medium-6 taen-blokk\" data-lrid=\"block_c4d6926634d092d1385e6531f54009ee\">\n    <img decoding=\"async\" src=\"https:\/\/www.07000.no\/sunnhordland\/wp-content\/themes\/nullsjutusen\/assets\/images\/07000dash.svg\" alt=\"ikon\">\n    <h3>Gode jobbmoglegheiter<\/h3>\n    <p>Som 07000-sj\u00e5f\u00f8r kan du jobba b\u00e5de heil- og deltid. Me har for tida stort behov for sj\u00e5f\u00f8rar i Sunnhordland &#8211; bl.a. p\u00e5 Stord, B\u00f8mlo og i Kvinnherad.<\/p>\n<\/div>\n<div class=\"show-for-medium\" id=\"left-block_c4d6926634d092d1385e6531f54009ee\"><\/div>\n\n\n<div class=\"show-for-medium\" id=\"right-block_1899c63a1585a9ab6982e974d5bc34dc\"><\/div>\n<div id=\"taen-block_1899c63a1585a9ab6982e974d5bc34dc\" class=\"cell small-12 medium-6 taen-blokk\" data-lrid=\"block_1899c63a1585a9ab6982e974d5bc34dc\">\n    <img decoding=\"async\" src=\"https:\/\/www.07000.no\/sunnhordland\/wp-content\/themes\/nullsjutusen\/assets\/images\/07000dash.svg\" alt=\"ikon\">\n    <h3>Sj\u00f8lvstendig og fleksibel kvardag<\/h3>\n    <p>I 07000 er dei fleste reiser bestilte. Mellom anna gir Noregs st\u00f8rste taxiapp mange kundar. Du f\u00e5r dei aller fleste oppdraga fr\u00e5 sentralen og slepp \u00e5 jakta eigne kundar i trafikken.<\/p>\n<\/div>\n<div class=\"show-for-medium\" id=\"left-block_1899c63a1585a9ab6982e974d5bc34dc\"><\/div>\n\n\n<div class=\"show-for-medium\" id=\"right-block_beb5b045275d732fdab92403cbd40c7f\"><\/div>\n<div id=\"taen-block_beb5b045275d732fdab92403cbd40c7f\" class=\"cell small-12 medium-6 taen-blokk\" data-lrid=\"block_beb5b045275d732fdab92403cbd40c7f\">\n    <img decoding=\"async\" src=\"https:\/\/www.07000.no\/sunnhordland\/wp-content\/themes\/nullsjutusen\/assets\/images\/07000dash.svg\" alt=\"ikon\">\n    <h3>Eit godt fellesskap<\/h3>\n    <p>Du f\u00e5r mange gode kollegaer i 07000-familien. Rundt 1500 menneske er ein del av 07000 i Noreg, anten ute p\u00e5 vegen eller i administrasjon.<\/p>\n<\/div>\n<div class=\"show-for-medium\" id=\"left-block_beb5b045275d732fdab92403cbd40c7f\"><\/div><\/div>\n\n\n\n<div class=\"wp-block-column is-layout-flow wp-block-column-is-layout-flow\">\n<div class=\"show-for-medium\" id=\"right-block_4ce14c3f34141cfd900e9bb902ea80a1\"><\/div>\n<div id=\"taen-block_4ce14c3f34141cfd900e9bb902ea80a1\" class=\"cell small-12 medium-6 taen-blokk\" data-lrid=\"block_4ce14c3f34141cfd900e9bb902ea80a1\">\n    <img decoding=\"async\" src=\"https:\/\/www.07000.no\/sunnhordland\/wp-content\/themes\/nullsjutusen\/assets\/images\/07000dash.svg\" alt=\"ikon\">\n    <h3>Sj\u00f8lvstendig og fleksibel kvardag<\/h3>\n    <p>Som sj\u00e5f\u00f8r i 07000 skaper du din eigen arbeidskvardag. Du avgjer kvar du vil jobba og posisjonerer deg etter trafikk og etterspurnad. Du har sjeldan to like dagar, og du f\u00e5r m\u00f8ta masse flotte menneske \ud83d\ude42<\/p>\n<\/div>\n<div class=\"show-for-medium\" id=\"left-block_4ce14c3f34141cfd900e9bb902ea80a1\"><\/div>\n\n\n<div class=\"show-for-medium\" id=\"right-block_f96f0b945e4d9165c489540e07464776\"><\/div>\n<div id=\"taen-block_f96f0b945e4d9165c489540e07464776\" class=\"cell small-12 medium-6 taen-blokk\" data-lrid=\"block_f96f0b945e4d9165c489540e07464776\">\n    <img decoding=\"async\" src=\"https:\/\/www.07000.no\/sunnhordland\/wp-content\/themes\/nullsjutusen\/assets\/images\/07000dash.svg\" alt=\"ikon\">\n    <h3>Moglegheit for god inntekt<\/h3>\n    <p>Som 07000-sj\u00e5f\u00f8r kan du tena gode pengar &#8211; s\u00e6rleg om du kan jobba n\u00e5r mange treng deg! Nokon har dette som ekstrainntekt saman med studiar eller skiftarbeid &#8211; mange lever av det p\u00e5 heiltid.<\/p>\n<\/div>\n<div class=\"show-for-medium\" id=\"left-block_f96f0b945e4d9165c489540e07464776\"><\/div>\n\n\n<div class=\"show-for-medium\" id=\"right-block_da389bf4cf875c286a27db218794c2cf\"><\/div>\n<div id=\"taen-block_da389bf4cf875c286a27db218794c2cf\" class=\"cell small-12 medium-6 taen-blokk\" data-lrid=\"block_da389bf4cf875c286a27db218794c2cf\">\n    <img decoding=\"async\" src=\"https:\/\/www.07000.no\/sunnhordland\/wp-content\/themes\/nullsjutusen\/assets\/images\/07000dash.svg\" alt=\"ikon\">\n    <h3>Di eiga transportbedrift?<\/h3>\n    <p>Har du &#8211; eller vurderer du &#8211; eige taxil\u00f8yve? Me treng fleire gode l\u00f8yvehavarar som vil driva ei god transportbedrift hos oss!<\/p>\n<\/div>\n<div class=\"show-for-medium\" id=\"left-block_da389bf4cf875c286a27db218794c2cf\"><\/div><\/div>\n<\/div>\n\n\n\n<div style=\"height:30px\" aria-hidden=\"true\" class=\"wp-block-spacer\"><\/div>\n\n\n\n<div class=\"wp-block-media-text alignwide has-media-on-the-right is-stacked-on-mobile\"><div class=\"wp-block-media-text__content\">\n<h1 class=\"wp-block-heading\" id=\"hvem\"><strong>Kven er 07000-sj\u00e5f\u00f8rane?<\/strong><\/h1>\n\n\n\n<p>07000-sj\u00e5f\u00f8rane er b\u00e5de menn og kvinner, i ulike aldrar og livssituasjonar. Likevel har gode 07000-sj\u00e5f\u00f8rar gjerne nokon ting til felles. Me er p\u00e5 jakt etter deg som:<\/p>\n\n\n\n<ul class=\"wp-block-list\">\n<li>Er blid, serviceminded og glad i \u00e5 omg\u00e5ast menneske<\/li>\n\n\n\n<li>Er god p\u00e5 \u00e5 kommunisera, s\u00e6rleg munnleg<\/li>\n\n\n\n<li>Liker \u00e5 k\u00f8yra bil \u2013 og tanken p\u00e5 \u00e5 vera \u00abprivatsj\u00e5f\u00f8r\u00bb<\/li>\n\n\n\n<li>Ser l\u00f8ysingar \u2013 ikkje problem<\/li>\n\n\n\n<li>Er proaktiv og bevegar deg \u00abdit det skjer\u00bb<\/li>\n\n\n\n<li>Bryr deg om folk rundt deg<\/li>\n\n\n\n<li>Er til \u00e5 stola p\u00e5<\/li>\n\n\n\n<li>\u00d8nsker deg ein fleksibel jobb p\u00e5 heil- eller deltid<\/li>\n<\/ul>\n\n\n\n<div class=\"wp-block-buttons is-layout-flex wp-block-buttons-is-layout-flex\">\n<div class=\"wp-block-button\"><a class=\"wp-block-button__link wp-element-button\" href=\"#skjema\">Gi oss eit ord!<\/a><\/div>\n<\/div>\n<\/div><figure class=\"wp-block-media-text__media\"><img decoding=\"async\" src=\"https:\/\/www.07000.no\/wp-content\/uploads\/2021\/11\/Ankomst-Flesland-1_1-1024x925.jpg\" alt=\"\" class=\"wp-image-970 size-full\"\/><\/figure><\/div>\n\n\n\n<div style=\"height:16px\" aria-hidden=\"true\" class=\"wp-block-spacer\"><\/div>\n\n\n\n<div class=\"wp-block-contact-form-7-contact-form-selector\">\n<div class=\"wpcf7 no-js\" id=\"wpcf7-f408-o2\" lang=\"nb-NO\" dir=\"ltr\" data-wpcf7-id=\"408\">\n<div class=\"screen-reader-response\"><p role=\"status\" aria-live=\"polite\" aria-atomic=\"true\"><\/p> <ul><\/ul><\/div>\n<form action=\"\/sunnhordland\/wp-json\/wp\/v2\/pages\/384#wpcf7-f408-o2\" method=\"post\" class=\"wpcf7-form init\" aria-label=\"Kontaktskjema\" novalidate=\"novalidate\" data-status=\"init\">\n<fieldset class=\"hidden-fields-container\"><input type=\"hidden\" name=\"_wpcf7\" value=\"408\" \/><input type=\"hidden\" name=\"_wpcf7_version\" value=\"6.1.5\" \/><input type=\"hidden\" name=\"_wpcf7_locale\" value=\"nb_NO\" \/><input type=\"hidden\" name=\"_wpcf7_unit_tag\" value=\"wpcf7-f408-o2\" \/><input type=\"hidden\" name=\"_wpcf7_container_post\" value=\"0\" \/><input type=\"hidden\" name=\"_wpcf7_posted_data_hash\" value=\"\" \/><input type=\"hidden\" name=\"_wpcf7_recaptcha_response\" value=\"\" \/>\n<\/fieldset>\n<p><b>Ja takk, eg vil ha uforpliktande info om \u00e5 bli 07000-sj\u00e5f\u00f8r eller l\u00f8yvehavar i Sunnhordland:<\/b>\n<\/p>\n<p><label> Mitt namn:<br \/>\n<span class=\"wpcf7-form-control-wrap\" data-name=\"your-name\"><input size=\"40\" maxlength=\"400\" class=\"wpcf7-form-control wpcf7-text wpcf7-validates-as-required\" aria-required=\"true\" aria-invalid=\"false\" value=\"\" type=\"text\" name=\"your-name\" \/><\/span> <\/label>\n<\/p>\n<p><label> Min e-post:<br \/>\n<span class=\"wpcf7-form-control-wrap\" data-name=\"your-email\"><input size=\"40\" maxlength=\"400\" class=\"wpcf7-form-control wpcf7-email wpcf7-validates-as-required wpcf7-text wpcf7-validates-as-email\" aria-required=\"true\" aria-invalid=\"false\" value=\"\" type=\"email\" name=\"your-email\" \/><\/span> <\/label>\n<\/p>\n<p><label> Mitt telefonnr:<br \/>\n<span class=\"wpcf7-form-control-wrap\" data-name=\"Mintlf\"><input size=\"40\" maxlength=\"400\" class=\"wpcf7-form-control wpcf7-tel wpcf7-text wpcf7-validates-as-tel\" aria-invalid=\"false\" value=\"\" type=\"tel\" name=\"Mintlf\" \/><\/span> <\/label>\n<\/p>\n<p><label> Eg bor i (kommune):<br \/>\n<span class=\"wpcf7-form-control-wrap\" data-name=\"Omrde\"><select class=\"wpcf7-form-control wpcf7-select\" aria-invalid=\"false\" name=\"Omrde\"><option value=\"Stord\">Stord<\/option><option value=\"B\u00f8mlo\">B\u00f8mlo<\/option><option value=\"Kvinnherad\">Kvinnherad<\/option><option value=\"Fitjar\">Fitjar<\/option><option value=\"Anna omr\u00e5de (skriv nedanfor)\">Anna omr\u00e5de (skriv nedanfor)<\/option><\/select><\/span> <\/label>\n<\/p>\n<p><label> Mitt omr\u00e5de (hvis \"Anna\" er valgt ovanfor):<br \/>\n<span class=\"wpcf7-form-control-wrap\" data-name=\"Omrde2\"><input size=\"40\" maxlength=\"400\" class=\"wpcf7-form-control wpcf7-text\" aria-invalid=\"false\" value=\"\" type=\"text\" name=\"Omrde2\" \/><\/span> <\/label>\n<\/p>\n<p><label> Melding til 07000 (frivilleg):<br \/>\n<span class=\"wpcf7-form-control-wrap\" data-name=\"Meldingtil\"><textarea cols=\"40\" rows=\"10\" maxlength=\"2000\" class=\"wpcf7-form-control wpcf7-textarea\" aria-invalid=\"false\" name=\"Meldingtil\"><\/textarea><\/span> <\/label>\n<\/p>\n<p><input class=\"wpcf7-form-control wpcf7-submit has-spinner\" type=\"submit\" value=\"Send inn\" \/>\n<\/p><div class=\"wpcf7-response-output\" aria-hidden=\"true\"><\/div>\n<\/form>\n<\/div>\n<\/div>\n","protected":false},"excerpt":{"rendered":"<p>Det \u00e5 senda inn skjemaet er sj\u00f8lvsagt heilt uforpliktande! Du vil bli kontakta av 07000 Sunnhordland for meir info og oppf\u00f8lging. Du kan ogs\u00e5 kontakta oss p\u00e5 post@sunnhordlandtaxi.no eller ta kontakt med v\u00e5re folk i ditt omr\u00e5de. Klikk her for \u00e5 sj\u00e5 kvar du finn oss Vi h\u00f8yrest!<\/p>\n","protected":false},"author":25,"featured_media":394,"parent":0,"menu_order":1,"comment_status":"closed","ping_status":"closed","template":"template-kampanje.php","meta":{"_acf_changed":false,"footnotes":""},"class_list":["post-384","page","type-page","status-publish","has-post-thumbnail","hentry"],"acf":[],"yoast_head":"<!-- This site is optimized with the Yoast SEO plugin v27.5 - https:\/\/yoast.com\/product\/yoast-seo-wordpress\/ -->\n<title>Me treng deg: bli 07000-sj\u00e5f\u00f8r! - Sunnhordland<\/title>\n<meta name=\"robots\" content=\"index, follow, max-snippet:-1, max-image-preview:large, max-video-preview:-1\" \/>\n<link rel=\"canonical\" href=\"https:\/\/www.07000.no\/sunnhordland\/sjafor\/\" \/>\n<meta property=\"og:locale\" content=\"nb_NO\" \/>\n<meta property=\"og:type\" content=\"article\" \/>\n<meta property=\"og:title\" content=\"Me treng deg: bli 07000-sj\u00e5f\u00f8r! - Sunnhordland\" \/>\n<meta property=\"og:description\" content=\"Det \u00e5 senda inn skjemaet er sj\u00f8lvsagt heilt uforpliktande! Du vil bli kontakta av 07000 Sunnhordland for meir info og oppf\u00f8lging. Du kan ogs\u00e5 kontakta oss p\u00e5 post@sunnhordlandtaxi.no eller ta kontakt med v\u00e5re folk i ditt omr\u00e5de. Klikk her for \u00e5 sj\u00e5 kvar du finn oss Vi h\u00f8yrest!\" \/>\n<meta property=\"og:url\" content=\"https:\/\/www.07000.no\/sunnhordland\/sjafor\/\" \/>\n<meta property=\"og:site_name\" content=\"Sunnhordland\" \/>\n<meta property=\"article:modified_time\" content=\"2025-04-14T11:43:58+00:00\" \/>\n<meta property=\"og:image\" content=\"https:\/\/www.07000.no\/sunnhordland\/wp-content\/uploads\/sites\/19\/2025\/04\/btCL4A8707-edited-scaled-1.jpg\" \/>\n\t<meta property=\"og:image:width\" content=\"2560\" \/>\n\t<meta property=\"og:image:height\" content=\"1439\" \/>\n\t<meta property=\"og:image:type\" content=\"image\/jpeg\" \/>\n<meta name=\"twitter:card\" content=\"summary_large_image\" \/>\n<meta name=\"twitter:label1\" content=\"Ansl. lesetid\" \/>\n\t<meta name=\"twitter:data1\" content=\"2 minutter\" \/>\n<script type=\"application\/ld+json\" class=\"yoast-schema-graph\">{\"@context\":\"https:\\\/\\\/schema.org\",\"@graph\":[{\"@type\":\"WebPage\",\"@id\":\"https:\\\/\\\/www.07000.no\\\/sunnhordland\\\/sjafor\\\/\",\"url\":\"https:\\\/\\\/www.07000.no\\\/sunnhordland\\\/sjafor\\\/\",\"name\":\"Me treng deg: bli 07000-sj\u00e5f\u00f8r! - Sunnhordland\",\"isPartOf\":{\"@id\":\"https:\\\/\\\/www.07000.no\\\/sunnhordland\\\/#website\"},\"primaryImageOfPage\":{\"@id\":\"https:\\\/\\\/www.07000.no\\\/sunnhordland\\\/sjafor\\\/#primaryimage\"},\"image\":{\"@id\":\"https:\\\/\\\/www.07000.no\\\/sunnhordland\\\/sjafor\\\/#primaryimage\"},\"thumbnailUrl\":\"https:\\\/\\\/www.07000.no\\\/sunnhordland\\\/wp-content\\\/uploads\\\/sites\\\/19\\\/2025\\\/04\\\/btCL4A8707-edited-scaled-1.jpg\",\"datePublished\":\"2025-04-10T07:49:51+00:00\",\"dateModified\":\"2025-04-14T11:43:58+00:00\",\"breadcrumb\":{\"@id\":\"https:\\\/\\\/www.07000.no\\\/sunnhordland\\\/sjafor\\\/#breadcrumb\"},\"inLanguage\":\"nb-NO\",\"potentialAction\":[{\"@type\":\"ReadAction\",\"target\":[\"https:\\\/\\\/www.07000.no\\\/sunnhordland\\\/sjafor\\\/\"]}]},{\"@type\":\"ImageObject\",\"inLanguage\":\"nb-NO\",\"@id\":\"https:\\\/\\\/www.07000.no\\\/sunnhordland\\\/sjafor\\\/#primaryimage\",\"url\":\"https:\\\/\\\/www.07000.no\\\/sunnhordland\\\/wp-content\\\/uploads\\\/sites\\\/19\\\/2025\\\/04\\\/btCL4A8707-edited-scaled-1.jpg\",\"contentUrl\":\"https:\\\/\\\/www.07000.no\\\/sunnhordland\\\/wp-content\\\/uploads\\\/sites\\\/19\\\/2025\\\/04\\\/btCL4A8707-edited-scaled-1.jpg\",\"width\":2560,\"height\":1439},{\"@type\":\"BreadcrumbList\",\"@id\":\"https:\\\/\\\/www.07000.no\\\/sunnhordland\\\/sjafor\\\/#breadcrumb\",\"itemListElement\":[{\"@type\":\"ListItem\",\"position\":1,\"name\":\"Hjem\",\"item\":\"https:\\\/\\\/www.07000.no\\\/sunnhordland\\\/\"},{\"@type\":\"ListItem\",\"position\":2,\"name\":\"Me treng deg: bli 07000-sj\u00e5f\u00f8r!\"}]},{\"@type\":\"WebSite\",\"@id\":\"https:\\\/\\\/www.07000.no\\\/sunnhordland\\\/#website\",\"url\":\"https:\\\/\\\/www.07000.no\\\/sunnhordland\\\/\",\"name\":\"Sunnhordland\",\"description\":\"Bestill taxi p\u00e5 nett eller i app!\",\"potentialAction\":[{\"@type\":\"SearchAction\",\"target\":{\"@type\":\"EntryPoint\",\"urlTemplate\":\"https:\\\/\\\/www.07000.no\\\/sunnhordland\\\/?s={search_term_string}\"},\"query-input\":{\"@type\":\"PropertyValueSpecification\",\"valueRequired\":true,\"valueName\":\"search_term_string\"}}],\"inLanguage\":\"nb-NO\"}]}<\/script>\n<!-- \/ Yoast SEO plugin. -->","yoast_head_json":{"title":"Me treng deg: bli 07000-sj\u00e5f\u00f8r! - Sunnhordland","robots":{"index":"index","follow":"follow","max-snippet":"max-snippet:-1","max-image-preview":"max-image-preview:large","max-video-preview":"max-video-preview:-1"},"canonical":"https:\/\/www.07000.no\/sunnhordland\/sjafor\/","og_locale":"nb_NO","og_type":"article","og_title":"Me treng deg: bli 07000-sj\u00e5f\u00f8r! - Sunnhordland","og_description":"Det \u00e5 senda inn skjemaet er sj\u00f8lvsagt heilt uforpliktande! Du vil bli kontakta av 07000 Sunnhordland for meir info og oppf\u00f8lging. Du kan ogs\u00e5 kontakta oss p\u00e5 post@sunnhordlandtaxi.no eller ta kontakt med v\u00e5re folk i ditt omr\u00e5de. Klikk her for \u00e5 sj\u00e5 kvar du finn oss Vi h\u00f8yrest!","og_url":"https:\/\/www.07000.no\/sunnhordland\/sjafor\/","og_site_name":"Sunnhordland","article_modified_time":"2025-04-14T11:43:58+00:00","og_image":[{"width":2560,"height":1439,"url":"https:\/\/www.07000.no\/sunnhordland\/wp-content\/uploads\/sites\/19\/2025\/04\/btCL4A8707-edited-scaled-1.jpg","type":"image\/jpeg"}],"twitter_card":"summary_large_image","twitter_misc":{"Ansl. lesetid":"2 minutter"},"schema":{"@context":"https:\/\/schema.org","@graph":[{"@type":"WebPage","@id":"https:\/\/www.07000.no\/sunnhordland\/sjafor\/","url":"https:\/\/www.07000.no\/sunnhordland\/sjafor\/","name":"Me treng deg: bli 07000-sj\u00e5f\u00f8r! - Sunnhordland","isPartOf":{"@id":"https:\/\/www.07000.no\/sunnhordland\/#website"},"primaryImageOfPage":{"@id":"https:\/\/www.07000.no\/sunnhordland\/sjafor\/#primaryimage"},"image":{"@id":"https:\/\/www.07000.no\/sunnhordland\/sjafor\/#primaryimage"},"thumbnailUrl":"https:\/\/www.07000.no\/sunnhordland\/wp-content\/uploads\/sites\/19\/2025\/04\/btCL4A8707-edited-scaled-1.jpg","datePublished":"2025-04-10T07:49:51+00:00","dateModified":"2025-04-14T11:43:58+00:00","breadcrumb":{"@id":"https:\/\/www.07000.no\/sunnhordland\/sjafor\/#breadcrumb"},"inLanguage":"nb-NO","potentialAction":[{"@type":"ReadAction","target":["https:\/\/www.07000.no\/sunnhordland\/sjafor\/"]}]},{"@type":"ImageObject","inLanguage":"nb-NO","@id":"https:\/\/www.07000.no\/sunnhordland\/sjafor\/#primaryimage","url":"https:\/\/www.07000.no\/sunnhordland\/wp-content\/uploads\/sites\/19\/2025\/04\/btCL4A8707-edited-scaled-1.jpg","contentUrl":"https:\/\/www.07000.no\/sunnhordland\/wp-content\/uploads\/sites\/19\/2025\/04\/btCL4A8707-edited-scaled-1.jpg","width":2560,"height":1439},{"@type":"BreadcrumbList","@id":"https:\/\/www.07000.no\/sunnhordland\/sjafor\/#breadcrumb","itemListElement":[{"@type":"ListItem","position":1,"name":"Hjem","item":"https:\/\/www.07000.no\/sunnhordland\/"},{"@type":"ListItem","position":2,"name":"Me treng deg: bli 07000-sj\u00e5f\u00f8r!"}]},{"@type":"WebSite","@id":"https:\/\/www.07000.no\/sunnhordland\/#website","url":"https:\/\/www.07000.no\/sunnhordland\/","name":"Sunnhordland","description":"Bestill taxi p\u00e5 nett eller i app!","potentialAction":[{"@type":"SearchAction","target":{"@type":"EntryPoint","urlTemplate":"https:\/\/www.07000.no\/sunnhordland\/?s={search_term_string}"},"query-input":{"@type":"PropertyValueSpecification","valueRequired":true,"valueName":"search_term_string"}}],"inLanguage":"nb-NO"}]}},"_links":{"self":[{"href":"https:\/\/www.07000.no\/sunnhordland\/wp-json\/wp\/v2\/pages\/384","targetHints":{"allow":["GET"]}}],"collection":[{"href":"https:\/\/www.07000.no\/sunnhordland\/wp-json\/wp\/v2\/pages"}],"about":[{"href":"https:\/\/www.07000.no\/sunnhordland\/wp-json\/wp\/v2\/types\/page"}],"author":[{"embeddable":true,"href":"https:\/\/www.07000.no\/sunnhordland\/wp-json\/wp\/v2\/users\/25"}],"replies":[{"embeddable":true,"href":"https:\/\/www.07000.no\/sunnhordland\/wp-json\/wp\/v2\/comments?post=384"}],"version-history":[{"count":23,"href":"https:\/\/www.07000.no\/sunnhordland\/wp-json\/wp\/v2\/pages\/384\/revisions"}],"predecessor-version":[{"id":439,"href":"https:\/\/www.07000.no\/sunnhordland\/wp-json\/wp\/v2\/pages\/384\/revisions\/439"}],"wp:featuredmedia":[{"embeddable":true,"href":"https:\/\/www.07000.no\/sunnhordland\/wp-json\/wp\/v2\/media\/394"}],"wp:attachment":[{"href":"https:\/\/www.07000.no\/sunnhordland\/wp-json\/wp\/v2\/media?parent=384"}],"curies":[{"name":"wp","href":"https:\/\/api.w.org\/{rel}","templated":true}]}}